{"version":"1.0","provider_name":"GR\u00dcNE JUGEND Hessen","provider_url":"https:\/\/www.gjh.de\/frog","author_name":"Gr\u00fcne Jugend Hessen","author_url":"https:\/\/www.gjh.de\/frog\/author\/admin\/","title":"LMV Mai 2016: Aufstehen gegen Rassismus! - GR\u00dcNE JUGEND Hessen","type":"rich","width":600,"height":338,"html":"<blockquote class=\"wp-embedded-content\" data-secret=\"mAWbWl6nUS\"><a href=\"https:\/\/www.gjh.de\/frog\/lmv-mai-2016-aufstehen-gegen-rassismus-2\/\">LMV Mai 2016: Aufstehen gegen Rassismus!<\/a><\/blockquote><iframe sandbox=\"allow-scripts\" security=\"restricted\" src=\"https:\/\/www.gjh.de\/frog\/lmv-mai-2016-aufstehen-gegen-rassismus-2\/embed\/#?secret=mAWbWl6nUS\" width=\"600\" height=\"338\" title=\"&#8222;LMV Mai 2016: Aufstehen gegen Rassismus!&#8220; &#8211; GR\u00dcNE JUGEND Hessen\" data-secret=\"mAWbWl6nUS\" frameborder=\"0\" marginwidth=\"0\" marginheight=\"0\" scrolling=\"no\" class=\"wp-embedded-content\"><\/iframe><script type=\"text\/javascript\">\n\/* <![CDATA[ *\/\n\/*! This file is auto-generated *\/\n!function(d,l){\"use strict\";l.querySelector&&d.addEventListener&&\"undefined\"!=typeof URL&&(d.wp=d.wp||{},d.wp.receiveEmbedMessage||(d.wp.receiveEmbedMessage=function(e){var t=e.data;if((t||t.secret||t.message||t.value)&&!\/[^a-zA-Z0-9]\/.test(t.secret)){for(var s,r,n,a=l.querySelectorAll('iframe[data-secret=\"'+t.secret+'\"]'),o=l.querySelectorAll('blockquote[data-secret=\"'+t.secret+'\"]'),c=new RegExp(\"^https?:$\",\"i\"),i=0;i<o.length;i++)o[i].style.display=\"none\";for(i=0;i<a.length;i++)s=a[i],e.source===s.contentWindow&&(s.removeAttribute(\"style\"),\"height\"===t.message?(1e3<(r=parseInt(t.value,10))?r=1e3:~~r<200&&(r=200),s.height=r):\"link\"===t.message&&(r=new URL(s.getAttribute(\"src\")),n=new URL(t.value),c.test(n.protocol))&&n.host===r.host&&l.activeElement===s&&(d.top.location.href=t.value))}},d.addEventListener(\"message\",d.wp.receiveEmbedMessage,!1),l.addEventListener(\"DOMContentLoaded\",function(){for(var e,t,s=l.querySelectorAll(\"iframe.wp-embedded-content\"),r=0;r<s.length;r++)(t=(e=s[r]).getAttribute(\"data-secret\"))||(t=Math.random().toString(36).substring(2,12),e.src+=\"#?secret=\"+t,e.setAttribute(\"data-secret\",t)),e.contentWindow.postMessage({message:\"ready\",secret:t},\"*\")},!1)))}(window,document);\n\/\/# sourceURL=https:\/\/www.gjh.de\/frog\/wp-includes\/js\/wp-embed.min.js\n\/* ]]> *\/\n<\/script>\n","description":"Gerade im Kontext steigender Zahlen von gefl\u00fcchteten Menschen in unserer Mitte wird in vielen Teilen der Gesellschaft Unmut gesch\u00fcrt. Die Gr\u00fcne Jugend Hessen sieht eine deutsche Mitverantwortung an einer Vielzahl von Fluchtgeschichte. F\u00fcr uns ist es Pflicht, den Menschen, die zu uns gefunden haben, Chancen und Perspektiven aufzuzeigen dauerhaft hier eine neue Heimat zu finden. [&hellip;]"}

GRÜNE JUGEND Hessen

Grüne Jugend Hessen

LMV Mai 2016: Aufstehen gegen Rassismus! - GRÜNE JUGEND Hessen

<blockquote class="wp-embedded-content" data-secret="mAWbWl6nUS"><a href="https://www.gjh.de/frog/lmv-mai-2016-aufstehen-gegen-rassismus-2/">LMV Mai 2016: Aufstehen gegen Rassismus!</a></blockquote><iframe sandbox="allow-scripts" security="restricted" src="https://www.gjh.de/frog/lmv-mai-2016-aufstehen-gegen-rassismus-2/embed/#?secret=mAWbWl6nUS" width="600" height="338" title="&#8222;LMV Mai 2016: Aufstehen gegen Rassismus!&#8220; &#8211; GRÜNE JUGEND Hessen" data-secret="mAWbWl6nUS" frameborder="0" marginwidth="0" marginheight="0" scrolling="no" class="wp-embedded-content"></iframe><script type="text/javascript">
/* <![CDATA[ */
/*! This file is auto-generated */
!function(d,l){"use strict";l.querySelector&&d.addEventListener&&"undefined"!=typeof URL&&(d.wp=d.wp||{},d.wp.receiveEmbedMessage||(d.wp.receiveEmbedMessage=function(e){var t=e.data;if((t||t.secret||t.message||t.value)&&!/[^a-zA-Z0-9]/.test(t.secret)){for(var s,r,n,a=l.querySelectorAll('iframe[data-secret="'+t.secret+'"]'),o=l.querySelectorAll('blockquote[data-secret="'+t.secret+'"]'),c=new RegExp("^https?:$","i"),i=0;i<o.length;i++)o[i].style.display="none";for(i=0;i<a.length;i++)s=a[i],e.source===s.contentWindow&&(s.removeAttribute("style"),"height"===t.message?(1e3<(r=parseInt(t.value,10))?r=1e3:~~r<200&&(r=200),s.height=r):"link"===t.message&&(r=new URL(s.getAttribute("src")),n=new URL(t.value),c.test(n.protocol))&&n.host===r.host&&l.activeElement===s&&(d.top.location.href=t.value))}},d.addEventListener("message",d.wp.receiveEmbedMessage,!1),l.addEventListener("DOMContentLoaded",function(){for(var e,t,s=l.querySelectorAll("iframe.wp-embedded-content"),r=0;r<s.length;r++)(t=(e=s[r]).getAttribute("data-secret"))||(t=Math.random().toString(36).substring(2,12),e.src+="#?secret="+t,e.setAttribute("data-secret",t)),e.contentWindow.postMessage({message:"ready",secret:t},"*")},!1)))}(window,document);
//# sourceURL=https://www.gjh.de/frog/wp-includes/js/wp-embed.min.js
/* ]]> */
</script>

Gerade im Kontext steigender Zahlen von geflüchteten Menschen in unserer Mitte wird in vielen Teilen der Gesellschaft Unmut geschürt. Die Grüne Jugend Hessen sieht eine deutsche Mitverantwortung an einer Vielzahl von Fluchtgeschichte. Für uns ist es Pflicht, den Menschen, die zu uns gefunden haben, Chancen und Perspektiven aufzuzeigen dauerhaft hier eine neue Heimat zu finden. [&hellip;]
