{"id":10286,"date":"2022-01-18T11:54:48","date_gmt":"2022-01-18T10:54:48","guid":{"rendered":"https:\/\/www.gjh.de\/frog\/?page_id=10286"},"modified":"2025-10-22T15:08:32","modified_gmt":"2025-10-22T13:08:32","slug":"spenden","status":"publish","type":"page","link":"https:\/\/www.gjh.de\/frog\/mitmachen\/spenden\/","title":{"rendered":"Spenden"},"content":{"rendered":"\n<p>Wir alle brennen f\u00fcr junggr\u00fcne Politik und engagieren uns ehrenamtlich f\u00fcr eine bessere Welt \u2013 aber Engagement kostet auch Geld&#8230; <\/p>\n\n\n\n<p>\u00dcber deine Unterst\u00fctzung freuen wir uns sehr! Mit deiner Hilfe k\u00f6nnen wir als junge Menschen Politik machen und f\u00fcr andere junge Menschen die Zukunft gestalten! <\/p>\n\n\n<script type=\"text\/javascript\">\n            (function() {\n                var u=\"https:\/\/spenden.twingle.de\/embed\/genericorganisation\/genericproject\/tw65a648fdcacec\/widget\";\n                var id = '_' + Math.random().toString(36).substr(2, 9);\n                var d=document, g=d.createElement('script'), s=d.getElementsByTagName('script')[0], t=d.createElement('div');\n                t.id = 'twingle-public-embed-' + id;\n                document.currentScript.after(t);\n                g.type='text\/javascript'; g.async=true; g.defer=true; g.src=u+'\/'+id; s.parentNode.insertBefore(g,s);\n            })();\n        <\/script>\n\n\n\n<h3 class=\"wp-block-heading\" id=\"per-uberweisung\">Per manuelle \u00dcberweisung:<\/h3>\n\n\n\n<p>IBAN: DE43 5019 0000 6700 4892 11 <br>BIC: FFVBDEFF <br>Volksbank Frankfurt<\/p>\n\n\n\n<p>Kontoinhaberin: GR\u00dcNE JUGEND Hessen<\/p>\n\n\n\n<p><strong>Verwendungszweck:<\/strong> Spende + Dein Name + Deine Anschrift<\/p>\n\n\n\n<p><\/p>\n\n\n\n<h3 class=\"wp-block-heading\" id=\"per-paypal\">Per PayPal:<\/h3>\n\n\n\n<p>Unser <a href=\"http:\/\/www.paypal.me\/GJHessen\" target=\"_blank\" rel=\"noreferrer noopener\">PayPal-Spendenkonto<\/a> l\u00e4uft auf mail[at]gjh.de <\/p>\n\n\n\n<p><strong>Wichtiger Hinweis:<\/strong> Bitte gebe uns bei einer Spende via PayPal entweder deine Adresse frei oder notiere sie. Ohne Anschrift k\u00f6nnen wir dir keine Spendenbescheinigung ausstellen und m\u00fcssen ggfs. nach \u00a7 25 (2) PartG die Annahme der Spende verweigern. <\/p>\n\n\n\n<h2 class=\"wp-block-heading\" id=\"spendenbescheinigung\">Spendenbescheinigung<\/h2>\n\n\n\n<p>Wir senden im ersten Quartal jeden Jahres Spendenbescheinigungen nach \u00a7 34g EStG f\u00fcr alle Zuwendungen des vergangenen Jahres. Diese Spendenbescheinigung kann bei der Steuererkl\u00e4rung ber\u00fccksichtigt werden.<\/p>\n\n\n\n<h2 class=\"wp-block-heading\" id=\"datenschutz\">Datenschutz<\/h2>\n\n\n\n<p>Wir sind gem\u00e4\u00df Parteiengesetz \u00a7&nbsp;25&nbsp;(3) verpflichtet, dem Deutschen Bundestag deinen Namen und Anschrift zur Ver\u00f6ffentlichung zu \u00fcbermitteln, wenn Deine Spenden, Mitgliedsbeitr\u00e4ge oder Mandatstr\u00e4gerbeitr\u00e4ge an die GR\u00dcNE&nbsp;JUGEND bzw. die Partei B\u00dcNDNIS&nbsp;90\/DIE&nbsp;GR\u00dcNEN einen Gesamtwert von mehr als 10.000\u20ac im Jahr \u00fcbersteigen. Gem\u00e4\u00df \u00a7&nbsp;23 Parteiengesetz muss unser Rechenschaftsbericht von einer unabh\u00e4ngigen Wirtschaftspr\u00fcfungsgesellschaft gepr\u00fcft werden. Dazu sind wir verpflichtet, dieser Wirtschaftspr\u00fcfungsgesellschaft auf Nachfrage personenbezogene Daten zu \u00fcbermitteln. Auch das zust\u00e4ndige Finanzamt kann zur Pr\u00fcfung Einsicht in personenbezogene Daten verlangen.<\/p>\n\n\n\n<p>Au\u00dferdem sind wir gesetzlich verpflichtet, Name, Anschrift und Zahlungsdaten ab Zahlung zehn Jahre lang aufzubewahren. Anschlie\u00dfend werden Deine Daten automatisch gel\u00f6scht.<\/p>\n\n\n\n<p>Weitere Hinweise zum Datenschutz k\u00f6nnen <a href=\"https:\/\/www.gjh.de\/frog\/datenschutzhinweise\/\" target=\"_blank\" rel=\"noreferrer noopener\">hier <\/a>nachgelesen werden. <\/p>\n","protected":false},"excerpt":{"rendered":"<p>Wir alle brennen f\u00fcr junggr\u00fcne Politik und engagieren uns ehrenamtlich f\u00fcr eine bessere Welt \u2013 aber Engagement kostet auch Geld&#8230; \u00dcber deine Unterst\u00fctzung freuen wir uns sehr! Mit deiner Hilfe k\u00f6nnen wir als junge Menschen Politik machen und f\u00fcr andere junge Menschen die Zukunft gestalten! Per manuelle \u00dcberweisung: IBAN: DE43 5019 0000 6700 4892 11 [&hellip;]<\/p>\n","protected":false},"author":1,"featured_media":0,"parent":146,"menu_order":0,"comment_status":"closed","ping_status":"closed","template":"","meta":{"footnotes":""},"class_list":["post-10286","page","type-page","status-publish","hentry"],"yoast_head":"<!-- This site is optimized with the Yoast SEO plugin v27.4 - https:\/\/yoast.com\/product\/yoast-seo-wordpress\/ -->\n<title>Spenden - GR\u00dcNE JUGEND Hessen<\/title>\n<meta name=\"description\" content=\"Du m\u00f6chtest unsere Arbeit unterst\u00fctzen? Dann spende uns f\u00fcr mehr junge gr\u00fcne Politik in Hessen. Wir freuen uns \u00fcber deine Unterst\u00fctzung.\" \/>\n<meta name=\"robots\" content=\"index, follow, max-snippet:-1, max-image-preview:large, max-video-preview:-1\" \/>\n<link rel=\"canonical\" href=\"https:\/\/www.gjh.de\/frog\/mitmachen\/spenden\/\" \/>\n<meta property=\"og:locale\" content=\"de_DE\" \/>\n<meta property=\"og:type\" content=\"article\" \/>\n<meta property=\"og:title\" content=\"Spenden - GR\u00dcNE JUGEND Hessen\" \/>\n<meta property=\"og:description\" content=\"Du m\u00f6chtest unsere Arbeit unterst\u00fctzen? Dann spende uns f\u00fcr mehr junge gr\u00fcne Politik in Hessen. Wir freuen uns \u00fcber deine Unterst\u00fctzung.\" \/>\n<meta property=\"og:url\" content=\"https:\/\/www.gjh.de\/frog\/mitmachen\/spenden\/\" \/>\n<meta property=\"og:site_name\" content=\"GR\u00dcNE JUGEND Hessen\" \/>\n<meta property=\"article:modified_time\" content=\"2025-10-22T13:08:32+00:00\" \/>\n<meta name=\"twitter:card\" content=\"summary_large_image\" \/>\n<meta name=\"twitter:label1\" content=\"Gesch\u00e4tzte Lesezeit\" \/>\n\t<meta name=\"twitter:data1\" content=\"2\u00a0Minuten\" \/>\n<script type=\"application\/ld+json\" class=\"yoast-schema-graph\">{\"@context\":\"https:\\\/\\\/schema.org\",\"@graph\":[{\"@type\":\"WebPage\",\"@id\":\"https:\\\/\\\/www.gjh.de\\\/frog\\\/mitmachen\\\/spenden\\\/\",\"url\":\"https:\\\/\\\/www.gjh.de\\\/frog\\\/mitmachen\\\/spenden\\\/\",\"name\":\"Spenden - GR\u00dcNE JUGEND Hessen\",\"isPartOf\":{\"@id\":\"https:\\\/\\\/www.gjh.de\\\/frog\\\/#website\"},\"datePublished\":\"2022-01-18T10:54:48+00:00\",\"dateModified\":\"2025-10-22T13:08:32+00:00\",\"description\":\"Du m\u00f6chtest unsere Arbeit unterst\u00fctzen? Dann spende uns f\u00fcr mehr junge gr\u00fcne Politik in Hessen. Wir freuen uns \u00fcber deine Unterst\u00fctzung.\",\"breadcrumb\":{\"@id\":\"https:\\\/\\\/www.gjh.de\\\/frog\\\/mitmachen\\\/spenden\\\/#breadcrumb\"},\"inLanguage\":\"de\",\"potentialAction\":[{\"@type\":\"ReadAction\",\"target\":[\"https:\\\/\\\/www.gjh.de\\\/frog\\\/mitmachen\\\/spenden\\\/\"]}]},{\"@type\":\"BreadcrumbList\",\"@id\":\"https:\\\/\\\/www.gjh.de\\\/frog\\\/mitmachen\\\/spenden\\\/#breadcrumb\",\"itemListElement\":[{\"@type\":\"ListItem\",\"position\":1,\"name\":\"Startseite\",\"item\":\"https:\\\/\\\/www.gjh.de\\\/frog\\\/\"},{\"@type\":\"ListItem\",\"position\":2,\"name\":\"Mitmachen\",\"item\":\"https:\\\/\\\/www.gjh.de\\\/frog\\\/mitmachen\\\/\"},{\"@type\":\"ListItem\",\"position\":3,\"name\":\"Spenden\"}]},{\"@type\":\"WebSite\",\"@id\":\"https:\\\/\\\/www.gjh.de\\\/frog\\\/#website\",\"url\":\"https:\\\/\\\/www.gjh.de\\\/frog\\\/\",\"name\":\"GR\u00dcNE JUGEND Hessen\",\"description\":\"\",\"potentialAction\":[{\"@type\":\"SearchAction\",\"target\":{\"@type\":\"EntryPoint\",\"urlTemplate\":\"https:\\\/\\\/www.gjh.de\\\/frog\\\/?s={search_term_string}\"},\"query-input\":{\"@type\":\"PropertyValueSpecification\",\"valueRequired\":true,\"valueName\":\"search_term_string\"}}],\"inLanguage\":\"de\"}]}<\/script>\n<!-- \/ Yoast SEO plugin. -->","yoast_head_json":{"title":"Spenden - GR\u00dcNE JUGEND Hessen","description":"Du m\u00f6chtest unsere Arbeit unterst\u00fctzen? Dann spende uns f\u00fcr mehr junge gr\u00fcne Politik in Hessen. Wir freuen uns \u00fcber deine Unterst\u00fctzung.","robots":{"index":"index","follow":"follow","max-snippet":"max-snippet:-1","max-image-preview":"max-image-preview:large","max-video-preview":"max-video-preview:-1"},"canonical":"https:\/\/www.gjh.de\/frog\/mitmachen\/spenden\/","og_locale":"de_DE","og_type":"article","og_title":"Spenden - GR\u00dcNE JUGEND Hessen","og_description":"Du m\u00f6chtest unsere Arbeit unterst\u00fctzen? Dann spende uns f\u00fcr mehr junge gr\u00fcne Politik in Hessen. Wir freuen uns \u00fcber deine Unterst\u00fctzung.","og_url":"https:\/\/www.gjh.de\/frog\/mitmachen\/spenden\/","og_site_name":"GR\u00dcNE JUGEND Hessen","article_modified_time":"2025-10-22T13:08:32+00:00","twitter_card":"summary_large_image","twitter_misc":{"Gesch\u00e4tzte Lesezeit":"2\u00a0Minuten"},"schema":{"@context":"https:\/\/schema.org","@graph":[{"@type":"WebPage","@id":"https:\/\/www.gjh.de\/frog\/mitmachen\/spenden\/","url":"https:\/\/www.gjh.de\/frog\/mitmachen\/spenden\/","name":"Spenden - GR\u00dcNE JUGEND Hessen","isPartOf":{"@id":"https:\/\/www.gjh.de\/frog\/#website"},"datePublished":"2022-01-18T10:54:48+00:00","dateModified":"2025-10-22T13:08:32+00:00","description":"Du m\u00f6chtest unsere Arbeit unterst\u00fctzen? Dann spende uns f\u00fcr mehr junge gr\u00fcne Politik in Hessen. Wir freuen uns \u00fcber deine Unterst\u00fctzung.","breadcrumb":{"@id":"https:\/\/www.gjh.de\/frog\/mitmachen\/spenden\/#breadcrumb"},"inLanguage":"de","potentialAction":[{"@type":"ReadAction","target":["https:\/\/www.gjh.de\/frog\/mitmachen\/spenden\/"]}]},{"@type":"BreadcrumbList","@id":"https:\/\/www.gjh.de\/frog\/mitmachen\/spenden\/#breadcrumb","itemListElement":[{"@type":"ListItem","position":1,"name":"Startseite","item":"https:\/\/www.gjh.de\/frog\/"},{"@type":"ListItem","position":2,"name":"Mitmachen","item":"https:\/\/www.gjh.de\/frog\/mitmachen\/"},{"@type":"ListItem","position":3,"name":"Spenden"}]},{"@type":"WebSite","@id":"https:\/\/www.gjh.de\/frog\/#website","url":"https:\/\/www.gjh.de\/frog\/","name":"GR\u00dcNE JUGEND Hessen","description":"","potentialAction":[{"@type":"SearchAction","target":{"@type":"EntryPoint","urlTemplate":"https:\/\/www.gjh.de\/frog\/?s={search_term_string}"},"query-input":{"@type":"PropertyValueSpecification","valueRequired":true,"valueName":"search_term_string"}}],"inLanguage":"de"}]}},"_links":{"self":[{"href":"https:\/\/www.gjh.de\/frog\/wp-json\/wp\/v2\/pages\/10286","targetHints":{"allow":["GET"]}}],"collection":[{"href":"https:\/\/www.gjh.de\/frog\/wp-json\/wp\/v2\/pages"}],"about":[{"href":"https:\/\/www.gjh.de\/frog\/wp-json\/wp\/v2\/types\/page"}],"author":[{"embeddable":true,"href":"https:\/\/www.gjh.de\/frog\/wp-json\/wp\/v2\/users\/1"}],"replies":[{"embeddable":true,"href":"https:\/\/www.gjh.de\/frog\/wp-json\/wp\/v2\/comments?post=10286"}],"version-history":[{"count":13,"href":"https:\/\/www.gjh.de\/frog\/wp-json\/wp\/v2\/pages\/10286\/revisions"}],"predecessor-version":[{"id":12786,"href":"https:\/\/www.gjh.de\/frog\/wp-json\/wp\/v2\/pages\/10286\/revisions\/12786"}],"up":[{"embeddable":true,"href":"https:\/\/www.gjh.de\/frog\/wp-json\/wp\/v2\/pages\/146"}],"wp:attachment":[{"href":"https:\/\/www.gjh.de\/frog\/wp-json\/wp\/v2\/media?parent=10286"}],"curies":[{"name":"wp","href":"https:\/\/api.w.org\/{rel}","templated":true}]}}