{"id":12355,"date":"2025-11-02T19:01:00","date_gmt":"2025-11-02T18:01:00","guid":{"rendered":"https:\/\/www.gjh.de\/frog\/?page_id=12355"},"modified":"2025-11-19T13:32:06","modified_gmt":"2025-11-19T12:32:06","slug":"sebastian-dambaur","status":"publish","type":"page","link":"https:\/\/www.gjh.de\/frog\/ueber-uns\/der-landesvorstand\/sebastian-dambaur\/","title":{"rendered":"Sebastian Dambaur"},"content":{"rendered":"\n<div class=\"wp-block-media-text alignwide has-media-on-the-right is-stacked-on-mobile\"><div class=\"wp-block-media-text__content\">\n<p><\/p>\n\n\n\n<p><\/p>\n\n\n\n<p><strong>Pronomen<\/strong>: er\/ ihm<\/p>\n\n\n\n<p><br><strong>Amt<\/strong>: Politische Gesch\u00e4ftsf\u00fchrung<\/p>\n\n\n\n<p><br><strong>Alter<\/strong>: 25<\/p>\n\n\n\n<p><br><strong>T\u00e4tigkeit<\/strong>: Momentan: Student der Politikwissenschaft; zuvor: Auszubildender<\/p>\n\n\n\n<p><br><strong>Kreisverband<\/strong>: Marburg-Biedenkopf<\/p>\n\n\n\n<p><strong>Themenschwerpunkte<\/strong>: Wirtschaftspolitik und Politische Theorie<\/p>\n\n\n\n<p><br><strong>Ich engagiere mich in der Politik, weil\u2026 <\/strong>eine bessere Welt m\u00f6glich ist und es sich lohnt daf\u00fcr zu k\u00e4mpfen.<\/p>\n\n\n\n<p><br><strong>Wenn ich nicht bei der GR\u00dcNEN JUGEND unterwegs bin, \u2026<\/strong> dann umgebe ich mich mit den liebevollen Menschen aus meinem Umfeld, leide mit dem 1.Fu\u00dfball Club N\u00fcrnberg e.V., treibe Ausdauersport oder versuche meinen B\u00fccherstapel zu minimieren.<\/p>\n\n\n\n<p><strong>Regionaler Ansprechpartner f\u00fcr<\/strong>: KV Kassel, KV Marburg, KV Odenwald<\/p>\n\n\n\n<p><strong>Koordinator f\u00fcr: <\/strong>Kommunalwahlteam, Bildungsteam, AK Au\u00dfenpolitik<\/p>\n\n\n\n<p>Kontakt: <a href=\"mailto:sebastian.dambaur@gjh.de\">sebastian.dambaur[at]gjh.de<\/a><br><br>Instagram: <a href=\"https:\/\/www.instagram.com\/dambaua\/\">@dambaua<\/a><br>Telegram: <a href=\"https:\/\/t.me\/Sebastian_Dambaur\">@Sebastian_Dambaur<\/a><br>Signal: @sebastiandambaur.2000<\/p>\n\n\n\n<p><\/p>\n<\/div><figure class=\"wp-block-media-text__media\"><img loading=\"lazy\" decoding=\"async\" width=\"812\" height=\"1024\" src=\"https:\/\/www.gjh.de\/frog\/wp-content\/uploads\/DSC04090-noch-neuer-812x1024.jpg\" alt=\"\" class=\"wp-image-12912 size-full\" srcset=\"https:\/\/www.gjh.de\/frog\/wp-content\/uploads\/DSC04090-noch-neuer-812x1024.jpg 812w, https:\/\/www.gjh.de\/frog\/wp-content\/uploads\/DSC04090-noch-neuer-238x300.jpg 238w, https:\/\/www.gjh.de\/frog\/wp-content\/uploads\/DSC04090-noch-neuer-1218x1536.jpg 1218w, https:\/\/www.gjh.de\/frog\/wp-content\/uploads\/DSC04090-noch-neuer-1623x2048.jpg 1623w, https:\/\/www.gjh.de\/frog\/wp-content\/uploads\/DSC04090-noch-neuer-277x350.jpg 277w, https:\/\/www.gjh.de\/frog\/wp-content\/uploads\/DSC04090-noch-neuer-555x700.jpg 555w, https:\/\/www.gjh.de\/frog\/wp-content\/uploads\/DSC04090-noch-neuer-2000x2523.jpg 2000w, https:\/\/www.gjh.de\/frog\/wp-content\/uploads\/DSC04090-noch-neuer-scaled.jpg 2029w\" sizes=\"auto, (max-width: 812px) 100vw, 812px\" \/><\/figure><\/div>\n","protected":false},"excerpt":{"rendered":"<p>Pronomen: er\/ ihm Amt: Politische Gesch\u00e4ftsf\u00fchrung Alter: 25 T\u00e4tigkeit: Momentan: Student der Politikwissenschaft; zuvor: Auszubildender Kreisverband: Marburg-Biedenkopf Themenschwerpunkte: Wirtschaftspolitik und Politische Theorie Ich engagiere mich in der Politik, weil\u2026 eine bessere Welt m\u00f6glich ist und es sich lohnt daf\u00fcr zu k\u00e4mpfen. Wenn ich nicht bei der GR\u00dcNEN JUGEND unterwegs bin, \u2026 dann umgebe ich mich [&hellip;]<\/p>\n","protected":false},"author":114,"featured_media":0,"parent":31,"menu_order":0,"comment_status":"closed","ping_status":"closed","template":"","meta":{"footnotes":""},"class_list":["post-12355","page","type-page","status-publish","hentry"],"yoast_head":"<!-- This site is optimized with the Yoast SEO plugin v27.5 - https:\/\/yoast.com\/product\/yoast-seo-wordpress\/ -->\n<title>Landesvorstand: Sebastian Dambaur<\/title>\n<meta name=\"description\" content=\"Politischer Sprecher Sebastian Dambaur aus dem Kreisverband Marburg-Biedenkopf.\" \/>\n<meta name=\"robots\" content=\"index, follow, max-snippet:-1, max-image-preview:large, max-video-preview:-1\" \/>\n<link rel=\"canonical\" href=\"https:\/\/www.gjh.de\/frog\/ueber-uns\/der-landesvorstand\/sebastian-dambaur\/\" \/>\n<meta property=\"og:locale\" content=\"de_DE\" \/>\n<meta property=\"og:type\" content=\"article\" \/>\n<meta property=\"og:title\" content=\"Landesvorstand: Sebastian Dambaur\" \/>\n<meta property=\"og:description\" content=\"Politischer Sprecher Sebastian Dambaur aus dem Kreisverband Marburg-Biedenkopf.\" \/>\n<meta property=\"og:url\" content=\"https:\/\/www.gjh.de\/frog\/ueber-uns\/der-landesvorstand\/sebastian-dambaur\/\" \/>\n<meta property=\"og:site_name\" content=\"GR\u00dcNE JUGEND Hessen\" \/>\n<meta property=\"article:modified_time\" content=\"2025-11-19T12:32:06+00:00\" \/>\n<meta property=\"og:image\" content=\"https:\/\/www.gjh.de\/frog\/wp-content\/uploads\/DSC04090-noch-neuer-812x1024.jpg\" \/>\n<meta name=\"twitter:card\" content=\"summary_large_image\" \/>\n<meta name=\"twitter:label1\" content=\"Gesch\u00e4tzte Lesezeit\" \/>\n\t<meta name=\"twitter:data1\" content=\"1\u00a0Minute\" \/>\n<script type=\"application\/ld+json\" class=\"yoast-schema-graph\">{\"@context\":\"https:\\\/\\\/schema.org\",\"@graph\":[{\"@type\":\"WebPage\",\"@id\":\"https:\\\/\\\/www.gjh.de\\\/frog\\\/ueber-uns\\\/der-landesvorstand\\\/sebastian-dambaur\\\/\",\"url\":\"https:\\\/\\\/www.gjh.de\\\/frog\\\/ueber-uns\\\/der-landesvorstand\\\/sebastian-dambaur\\\/\",\"name\":\"Landesvorstand: Sebastian Dambaur\",\"isPartOf\":{\"@id\":\"https:\\\/\\\/www.gjh.de\\\/frog\\\/#website\"},\"primaryImageOfPage\":{\"@id\":\"https:\\\/\\\/www.gjh.de\\\/frog\\\/ueber-uns\\\/der-landesvorstand\\\/sebastian-dambaur\\\/#primaryimage\"},\"image\":{\"@id\":\"https:\\\/\\\/www.gjh.de\\\/frog\\\/ueber-uns\\\/der-landesvorstand\\\/sebastian-dambaur\\\/#primaryimage\"},\"thumbnailUrl\":\"https:\\\/\\\/www.gjh.de\\\/frog\\\/wp-content\\\/uploads\\\/DSC04090-noch-neuer-812x1024.jpg\",\"datePublished\":\"2025-11-02T18:01:00+00:00\",\"dateModified\":\"2025-11-19T12:32:06+00:00\",\"description\":\"Politischer Sprecher Sebastian Dambaur aus dem Kreisverband Marburg-Biedenkopf.\",\"breadcrumb\":{\"@id\":\"https:\\\/\\\/www.gjh.de\\\/frog\\\/ueber-uns\\\/der-landesvorstand\\\/sebastian-dambaur\\\/#breadcrumb\"},\"inLanguage\":\"de\",\"potentialAction\":[{\"@type\":\"ReadAction\",\"target\":[\"https:\\\/\\\/www.gjh.de\\\/frog\\\/ueber-uns\\\/der-landesvorstand\\\/sebastian-dambaur\\\/\"]}]},{\"@type\":\"ImageObject\",\"inLanguage\":\"de\",\"@id\":\"https:\\\/\\\/www.gjh.de\\\/frog\\\/ueber-uns\\\/der-landesvorstand\\\/sebastian-dambaur\\\/#primaryimage\",\"url\":\"https:\\\/\\\/www.gjh.de\\\/frog\\\/wp-content\\\/uploads\\\/DSC04090-noch-neuer-scaled.jpg\",\"contentUrl\":\"https:\\\/\\\/www.gjh.de\\\/frog\\\/wp-content\\\/uploads\\\/DSC04090-noch-neuer-scaled.jpg\",\"width\":2029,\"height\":2560},{\"@type\":\"BreadcrumbList\",\"@id\":\"https:\\\/\\\/www.gjh.de\\\/frog\\\/ueber-uns\\\/der-landesvorstand\\\/sebastian-dambaur\\\/#breadcrumb\",\"itemListElement\":[{\"@type\":\"ListItem\",\"position\":1,\"name\":\"Startseite\",\"item\":\"https:\\\/\\\/www.gjh.de\\\/frog\\\/\"},{\"@type\":\"ListItem\",\"position\":2,\"name\":\"\u00dcber uns\",\"item\":\"https:\\\/\\\/www.gjh.de\\\/frog\\\/ueber-uns\\\/\"},{\"@type\":\"ListItem\",\"position\":3,\"name\":\"Landesvorstand\",\"item\":\"https:\\\/\\\/www.gjh.de\\\/frog\\\/ueber-uns\\\/der-landesvorstand\\\/\"},{\"@type\":\"ListItem\",\"position\":4,\"name\":\"Sebastian Dambaur\"}]},{\"@type\":\"WebSite\",\"@id\":\"https:\\\/\\\/www.gjh.de\\\/frog\\\/#website\",\"url\":\"https:\\\/\\\/www.gjh.de\\\/frog\\\/\",\"name\":\"GR\u00dcNE JUGEND Hessen\",\"description\":\"\",\"potentialAction\":[{\"@type\":\"SearchAction\",\"target\":{\"@type\":\"EntryPoint\",\"urlTemplate\":\"https:\\\/\\\/www.gjh.de\\\/frog\\\/?s={search_term_string}\"},\"query-input\":{\"@type\":\"PropertyValueSpecification\",\"valueRequired\":true,\"valueName\":\"search_term_string\"}}],\"inLanguage\":\"de\"}]}<\/script>\n<!-- \/ Yoast SEO plugin. -->","yoast_head_json":{"title":"Landesvorstand: Sebastian Dambaur","description":"Politischer Sprecher Sebastian Dambaur aus dem Kreisverband Marburg-Biedenkopf.","robots":{"index":"index","follow":"follow","max-snippet":"max-snippet:-1","max-image-preview":"max-image-preview:large","max-video-preview":"max-video-preview:-1"},"canonical":"https:\/\/www.gjh.de\/frog\/ueber-uns\/der-landesvorstand\/sebastian-dambaur\/","og_locale":"de_DE","og_type":"article","og_title":"Landesvorstand: Sebastian Dambaur","og_description":"Politischer Sprecher Sebastian Dambaur aus dem Kreisverband Marburg-Biedenkopf.","og_url":"https:\/\/www.gjh.de\/frog\/ueber-uns\/der-landesvorstand\/sebastian-dambaur\/","og_site_name":"GR\u00dcNE JUGEND Hessen","article_modified_time":"2025-11-19T12:32:06+00:00","og_image":[{"url":"https:\/\/www.gjh.de\/frog\/wp-content\/uploads\/DSC04090-noch-neuer-812x1024.jpg","type":"","width":"","height":""}],"twitter_card":"summary_large_image","twitter_misc":{"Gesch\u00e4tzte Lesezeit":"1\u00a0Minute"},"schema":{"@context":"https:\/\/schema.org","@graph":[{"@type":"WebPage","@id":"https:\/\/www.gjh.de\/frog\/ueber-uns\/der-landesvorstand\/sebastian-dambaur\/","url":"https:\/\/www.gjh.de\/frog\/ueber-uns\/der-landesvorstand\/sebastian-dambaur\/","name":"Landesvorstand: Sebastian Dambaur","isPartOf":{"@id":"https:\/\/www.gjh.de\/frog\/#website"},"primaryImageOfPage":{"@id":"https:\/\/www.gjh.de\/frog\/ueber-uns\/der-landesvorstand\/sebastian-dambaur\/#primaryimage"},"image":{"@id":"https:\/\/www.gjh.de\/frog\/ueber-uns\/der-landesvorstand\/sebastian-dambaur\/#primaryimage"},"thumbnailUrl":"https:\/\/www.gjh.de\/frog\/wp-content\/uploads\/DSC04090-noch-neuer-812x1024.jpg","datePublished":"2025-11-02T18:01:00+00:00","dateModified":"2025-11-19T12:32:06+00:00","description":"Politischer Sprecher Sebastian Dambaur aus dem Kreisverband Marburg-Biedenkopf.","breadcrumb":{"@id":"https:\/\/www.gjh.de\/frog\/ueber-uns\/der-landesvorstand\/sebastian-dambaur\/#breadcrumb"},"inLanguage":"de","potentialAction":[{"@type":"ReadAction","target":["https:\/\/www.gjh.de\/frog\/ueber-uns\/der-landesvorstand\/sebastian-dambaur\/"]}]},{"@type":"ImageObject","inLanguage":"de","@id":"https:\/\/www.gjh.de\/frog\/ueber-uns\/der-landesvorstand\/sebastian-dambaur\/#primaryimage","url":"https:\/\/www.gjh.de\/frog\/wp-content\/uploads\/DSC04090-noch-neuer-scaled.jpg","contentUrl":"https:\/\/www.gjh.de\/frog\/wp-content\/uploads\/DSC04090-noch-neuer-scaled.jpg","width":2029,"height":2560},{"@type":"BreadcrumbList","@id":"https:\/\/www.gjh.de\/frog\/ueber-uns\/der-landesvorstand\/sebastian-dambaur\/#breadcrumb","itemListElement":[{"@type":"ListItem","position":1,"name":"Startseite","item":"https:\/\/www.gjh.de\/frog\/"},{"@type":"ListItem","position":2,"name":"\u00dcber uns","item":"https:\/\/www.gjh.de\/frog\/ueber-uns\/"},{"@type":"ListItem","position":3,"name":"Landesvorstand","item":"https:\/\/www.gjh.de\/frog\/ueber-uns\/der-landesvorstand\/"},{"@type":"ListItem","position":4,"name":"Sebastian Dambaur"}]},{"@type":"WebSite","@id":"https:\/\/www.gjh.de\/frog\/#website","url":"https:\/\/www.gjh.de\/frog\/","name":"GR\u00dcNE JUGEND Hessen","description":"","potentialAction":[{"@type":"SearchAction","target":{"@type":"EntryPoint","urlTemplate":"https:\/\/www.gjh.de\/frog\/?s={search_term_string}"},"query-input":{"@type":"PropertyValueSpecification","valueRequired":true,"valueName":"search_term_string"}}],"inLanguage":"de"}]}},"_links":{"self":[{"href":"https:\/\/www.gjh.de\/frog\/wp-json\/wp\/v2\/pages\/12355","targetHints":{"allow":["GET"]}}],"collection":[{"href":"https:\/\/www.gjh.de\/frog\/wp-json\/wp\/v2\/pages"}],"about":[{"href":"https:\/\/www.gjh.de\/frog\/wp-json\/wp\/v2\/types\/page"}],"author":[{"embeddable":true,"href":"https:\/\/www.gjh.de\/frog\/wp-json\/wp\/v2\/users\/114"}],"replies":[{"embeddable":true,"href":"https:\/\/www.gjh.de\/frog\/wp-json\/wp\/v2\/comments?post=12355"}],"version-history":[{"count":15,"href":"https:\/\/www.gjh.de\/frog\/wp-json\/wp\/v2\/pages\/12355\/revisions"}],"predecessor-version":[{"id":12983,"href":"https:\/\/www.gjh.de\/frog\/wp-json\/wp\/v2\/pages\/12355\/revisions\/12983"}],"up":[{"embeddable":true,"href":"https:\/\/www.gjh.de\/frog\/wp-json\/wp\/v2\/pages\/31"}],"wp:attachment":[{"href":"https:\/\/www.gjh.de\/frog\/wp-json\/wp\/v2\/media?parent=12355"}],"curies":[{"name":"wp","href":"https:\/\/api.w.org\/{rel}","templated":true}]}}

<div class="wp-block-media-text alignwide has-media-on-the-right is-stacked-on-mobile"><div class="wp-block-media-text__content">
<p></p>



<p></p>



<p><strong>Pronomen</strong>: er/ ihm</p>



<p><br><strong>Amt</strong>: Politische Geschäftsführung</p>



<p><br><strong>Alter</strong>: 25</p>



<p><br><strong>Tätigkeit</strong>: Momentan: Student der Politikwissenschaft; zuvor: Auszubildender</p>



<p><br><strong>Kreisverband</strong>: Marburg-Biedenkopf</p>



<p><strong>Themenschwerpunkte</strong>: Wirtschaftspolitik und Politische Theorie</p>



<p><br><strong>Ich engagiere mich in der Politik, weil… </strong>eine bessere Welt möglich ist und es sich lohnt dafür zu kämpfen.</p>



<p><br><strong>Wenn ich nicht bei der GRÜNEN JUGEND unterwegs bin, …</strong> dann umgebe ich mich mit den liebevollen Menschen aus meinem Umfeld, leide mit dem 1.Fußball Club Nürnberg e.V., treibe Ausdauersport oder versuche meinen Bücherstapel zu minimieren.</p>



<p><strong>Regionaler Ansprechpartner für</strong>: KV Kassel, KV Marburg, KV Odenwald</p>



<p><strong>Koordinator für: </strong>Kommunalwahlteam, Bildungsteam, AK Außenpolitik</p>



<p>Kontakt: <a href="mailto:sebastian.dambaur@gjh.de">sebastian.dambaur[at]gjh.de</a><br><br>Instagram: <a href="https://www.instagram.com/dambaua/">@dambaua</a><br>Telegram: <a href="https://t.me/Sebastian_Dambaur">@Sebastian_Dambaur</a><br>Signal: @sebastiandambaur.2000</p>



<p></p>
</div><figure class="wp-block-media-text__media"><img loading="lazy" decoding="async" width="812" height="1024" src="https://www.gjh.de/frog/wp-content/uploads/DSC04090-noch-neuer-812x1024.jpg" alt="" class="wp-image-12912 size-full" srcset="https://www.gjh.de/frog/wp-content/uploads/DSC04090-noch-neuer-812x1024.jpg 812w, https://www.gjh.de/frog/wp-content/uploads/DSC04090-noch-neuer-238x300.jpg 238w, https://www.gjh.de/frog/wp-content/uploads/DSC04090-noch-neuer-1218x1536.jpg 1218w, https://www.gjh.de/frog/wp-content/uploads/DSC04090-noch-neuer-1623x2048.jpg 1623w, https://www.gjh.de/frog/wp-content/uploads/DSC04090-noch-neuer-277x350.jpg 277w, https://www.gjh.de/frog/wp-content/uploads/DSC04090-noch-neuer-555x700.jpg 555w, https://www.gjh.de/frog/wp-content/uploads/DSC04090-noch-neuer-2000x2523.jpg 2000w, https://www.gjh.de/frog/wp-content/uploads/DSC04090-noch-neuer-scaled.jpg 2029w" sizes="auto, (max-width: 812px) 100vw, 812px" /></figure></div>

<p>Pronomen: er/ ihm Amt: Politische Geschäftsführung Alter: 25 Tätigkeit: Momentan: Student der Politikwissenschaft; zuvor: Auszubildender Kreisverband: Marburg-Biedenkopf Themenschwerpunkte: Wirtschaftspolitik und Politische Theorie Ich engagiere mich in der Politik, weil… eine bessere Welt möglich ist und es sich lohnt dafür zu kämpfen. Wenn ich nicht bei der GRÜNEN JUGEND unterwegs bin, … dann umgebe ich mich [&hellip;]</p>

<!-- This site is optimized with the Yoast SEO plugin v27.5 - https://yoast.com/product/yoast-seo-wordpress/ -->
<title>Landesvorstand: Sebastian Dambaur</title>
<meta name="description" content="Politischer Sprecher Sebastian Dambaur aus dem Kreisverband Marburg-Biedenkopf." />
<meta name="robots" content="index, follow, max-snippet:-1, max-image-preview:large, max-video-preview:-1" />
<link rel="canonical" href="https://www.gjh.de/frog/ueber-uns/der-landesvorstand/sebastian-dambaur/" />
<meta property="og:locale" content="de_DE" />
<meta property="og:type" content="article" />
<meta property="og:title" content="Landesvorstand: Sebastian Dambaur" />
<meta property="og:description" content="Politischer Sprecher Sebastian Dambaur aus dem Kreisverband Marburg-Biedenkopf." />
<meta property="og:url" content="https://www.gjh.de/frog/ueber-uns/der-landesvorstand/sebastian-dambaur/" />
<meta property="og:site_name" content="GRÜNE JUGEND Hessen" />
<meta property="article:modified_time" content="2025-11-19T12:32:06+00:00" />
<meta property="og:image" content="https://www.gjh.de/frog/wp-content/uploads/DSC04090-noch-neuer-812x1024.jpg" />
<meta name="twitter:card" content="summary_large_image" />
<meta name="twitter:label1" content="Geschätzte Lesezeit" />
	<meta name="twitter:data1" content="1 Minute" />
<script type="application/ld+json" class="yoast-schema-graph">{"@context":"https:\/\/schema.org","@graph":[{"@type":"WebPage","@id":"https:\/\/www.gjh.de\/frog\/ueber-uns\/der-landesvorstand\/sebastian-dambaur\/","url":"https:\/\/www.gjh.de\/frog\/ueber-uns\/der-landesvorstand\/sebastian-dambaur\/","name":"Landesvorstand: Sebastian Dambaur","isPartOf":{"@id":"https:\/\/www.gjh.de\/frog\/#website"},"primaryImageOfPage":{"@id":"https:\/\/www.gjh.de\/frog\/ueber-uns\/der-landesvorstand\/sebastian-dambaur\/#primaryimage"},"image":{"@id":"https:\/\/www.gjh.de\/frog\/ueber-uns\/der-landesvorstand\/sebastian-dambaur\/#primaryimage"},"thumbnailUrl":"https:\/\/www.gjh.de\/frog\/wp-content\/uploads\/DSC04090-noch-neuer-812x1024.jpg","datePublished":"2025-11-02T18:01:00+00:00","dateModified":"2025-11-19T12:32:06+00:00","description":"Politischer Sprecher Sebastian Dambaur aus dem Kreisverband Marburg-Biedenkopf.","breadcrumb":{"@id":"https:\/\/www.gjh.de\/frog\/ueber-uns\/der-landesvorstand\/sebastian-dambaur\/#breadcrumb"},"inLanguage":"de","potentialAction":[{"@type":"ReadAction","target":["https:\/\/www.gjh.de\/frog\/ueber-uns\/der-landesvorstand\/sebastian-dambaur\/"]}]},{"@type":"ImageObject","inLanguage":"de","@id":"https:\/\/www.gjh.de\/frog\/ueber-uns\/der-landesvorstand\/sebastian-dambaur\/#primaryimage","url":"https:\/\/www.gjh.de\/frog\/wp-content\/uploads\/DSC04090-noch-neuer-scaled.jpg","contentUrl":"https:\/\/www.gjh.de\/frog\/wp-content\/uploads\/DSC04090-noch-neuer-scaled.jpg","width":2029,"height":2560},{"@type":"BreadcrumbList","@id":"https:\/\/www.gjh.de\/frog\/ueber-uns\/der-landesvorstand\/sebastian-dambaur\/#breadcrumb","itemListElement":[{"@type":"ListItem","position":1,"name":"Startseite","item":"https:\/\/www.gjh.de\/frog\/"},{"@type":"ListItem","position":2,"name":"Über uns","item":"https:\/\/www.gjh.de\/frog\/ueber-uns\/"},{"@type":"ListItem","position":3,"name":"Landesvorstand","item":"https:\/\/www.gjh.de\/frog\/ueber-uns\/der-landesvorstand\/"},{"@type":"ListItem","position":4,"name":"Sebastian Dambaur"}]},{"@type":"WebSite","@id":"https:\/\/www.gjh.de\/frog\/#website","url":"https:\/\/www.gjh.de\/frog\/","name":"GRÜNE JUGEND Hessen","description":"","potentialAction":[{"@type":"SearchAction","target":{"@type":"EntryPoint","urlTemplate":"https:\/\/www.gjh.de\/frog\/?s={search_term_string}"},"query-input":{"@type":"PropertyValueSpecification","valueRequired":true,"valueName":"search_term_string"}}],"inLanguage":"de"}]}</script>
<!-- / Yoast SEO plugin. -->

GRÜNE JUGEND Hessen

Über uns
