{"id":12408,"date":"2025-11-02T16:00:00","date_gmt":"2025-11-02T15:00:00","guid":{"rendered":"https:\/\/www.gjh.de\/frog\/?page_id=12408"},"modified":"2025-11-19T13:21:03","modified_gmt":"2025-11-19T12:21:03","slug":"jacqueline-schmiedeke-jackie","status":"publish","type":"page","link":"https:\/\/www.gjh.de\/frog\/ueber-uns\/der-landesvorstand\/jacqueline-schmiedeke-jackie\/","title":{"rendered":"Jacqueline Schmiedeke (Jackie)"},"content":{"rendered":"\n<div class=\"wp-block-media-text alignwide has-media-on-the-right is-stacked-on-mobile\"><div class=\"wp-block-media-text__content\">\n<p><\/p>\n\n\n\n<p><\/p>\n\n\n\n<p><strong>Pronomen<\/strong>: sie\/ihr<\/p>\n\n\n\n<p><strong>Amt<\/strong>: Schatzmeisterin&nbsp;<\/p>\n\n\n\n<p><strong>Alter<\/strong>: 27<\/p>\n\n\n\n<p><strong>T\u00e4tigkeit<\/strong>: Medizinstudentin<\/p>\n\n\n\n<p><strong>Kreisverband<\/strong>: Wiesbaden<\/p>\n\n\n\n<p><strong>Themenschwerpunkte<\/strong>: Feminismus, Klimaschutz, Gesundheit <\/p>\n\n\n\n<p><strong>Ich engagiere mich in der Politik, weil<\/strong> mich starke Frauen inspiriert haben, dass auch meine Stimme z\u00e4hlt und ich kein \u00dc50-j\u00e4hriger wei\u00dfer Mann sein muss, um mitdenken, mitreden und mitentscheiden zu k\u00f6nnen. Und daf\u00fcr ist die Gr\u00fcne Jugend der beste Ort, aktiv zu werden und politische Ver\u00e4nderungen anzusto\u00dfen, die es so dringend braucht.<\/p>\n\n\n\n<p><strong>Wenn ich nicht bei der GR\u00dcNEN JUGEND unterwegs bin,<\/strong> dann spiele ich Jazzmusik, bin Anatomie-Tutorin an der Uni oder schaue Studio Ghibli Filme.<\/p>\n\n\n\n<p><strong>Regionale Ansprechpartnerin f\u00fcr<\/strong>: KV Rheingau-Taunus, KV Gro\u00df-Gerau, KV Wiesbaden<\/p>\n\n\n\n<p><strong>Koordinatorin f\u00fcr<\/strong>: Social Media Team, Kampagnenteam, Bildungsteam<\/p>\n\n\n\n<p>Kontakt: <a href=\"mailto:jacqueline.schmiedeke@gjh.de\">jacqueline.schmiedeke[@]gjh.de<\/a><\/p>\n\n\n\n<p>Instagram: <a href=\"https:\/\/www.instagram.com\/jacquelineneila\/?hl=de\">@jacquelineneila<\/a><\/p>\n\n\n\n<p>Signal: @jacquelineneila.98<\/p>\n<\/div><figure class=\"wp-block-media-text__media\"><img loading=\"lazy\" decoding=\"async\" width=\"835\" height=\"1024\" src=\"https:\/\/www.gjh.de\/frog\/wp-content\/uploads\/Jackie-neuer-835x1024.jpg\" alt=\"\" class=\"wp-image-12919 size-full\" srcset=\"https:\/\/www.gjh.de\/frog\/wp-content\/uploads\/Jackie-neuer-835x1024.jpg 835w, https:\/\/www.gjh.de\/frog\/wp-content\/uploads\/Jackie-neuer-245x300.jpg 245w, https:\/\/www.gjh.de\/frog\/wp-content\/uploads\/Jackie-neuer-1252x1536.jpg 1252w, https:\/\/www.gjh.de\/frog\/wp-content\/uploads\/Jackie-neuer-1670x2048.jpg 1670w, https:\/\/www.gjh.de\/frog\/wp-content\/uploads\/Jackie-neuer-285x350.jpg 285w, https:\/\/www.gjh.de\/frog\/wp-content\/uploads\/Jackie-neuer-571x700.jpg 571w, https:\/\/www.gjh.de\/frog\/wp-content\/uploads\/Jackie-neuer-2000x2453.jpg 2000w\" sizes=\"auto, (max-width: 835px) 100vw, 835px\" \/><\/figure><\/div>\n","protected":false},"excerpt":{"rendered":"<p>Pronomen: sie\/ihr Amt: Schatzmeisterin&nbsp; Alter: 27 T\u00e4tigkeit: Medizinstudentin Kreisverband: Wiesbaden Themenschwerpunkte: Feminismus, Klimaschutz, Gesundheit Ich engagiere mich in der Politik, weil mich starke Frauen inspiriert haben, dass auch meine Stimme z\u00e4hlt und ich kein \u00dc50-j\u00e4hriger wei\u00dfer Mann sein muss, um mitdenken, mitreden und mitentscheiden zu k\u00f6nnen. Und daf\u00fcr ist die Gr\u00fcne Jugend der beste Ort, [&hellip;]<\/p>\n","protected":false},"author":114,"featured_media":0,"parent":31,"menu_order":0,"comment_status":"closed","ping_status":"closed","template":"","meta":{"footnotes":""},"class_list":["post-12408","page","type-page","status-publish","hentry"],"yoast_head":"<!-- This site is optimized with the Yoast SEO plugin v27.5 - https:\/\/yoast.com\/product\/yoast-seo-wordpress\/ -->\n<title>Landesvorstand: Jacqueline Schmiedeke<\/title>\n<meta name=\"description\" content=\"Schatzmeisterin Jacqueline Schmiedeke (Jackie) aus dem Kreisverband Wiesbaden.\" \/>\n<meta name=\"robots\" content=\"index, follow, max-snippet:-1, max-image-preview:large, max-video-preview:-1\" \/>\n<link rel=\"canonical\" href=\"https:\/\/www.gjh.de\/frog\/ueber-uns\/der-landesvorstand\/jacqueline-schmiedeke-jackie\/\" \/>\n<meta property=\"og:locale\" content=\"de_DE\" \/>\n<meta property=\"og:type\" content=\"article\" \/>\n<meta property=\"og:title\" content=\"Landesvorstand: Jacqueline Schmiedeke\" \/>\n<meta property=\"og:description\" content=\"Schatzmeisterin Jacqueline Schmiedeke (Jackie) aus dem Kreisverband Wiesbaden.\" \/>\n<meta property=\"og:url\" content=\"https:\/\/www.gjh.de\/frog\/ueber-uns\/der-landesvorstand\/jacqueline-schmiedeke-jackie\/\" \/>\n<meta property=\"og:site_name\" content=\"GR\u00dcNE JUGEND Hessen\" \/>\n<meta property=\"article:modified_time\" content=\"2025-11-19T12:21:03+00:00\" \/>\n<meta property=\"og:image\" content=\"https:\/\/www.gjh.de\/frog\/wp-content\/uploads\/Jackie-neuer-835x1024.jpg\" \/>\n<meta name=\"twitter:card\" content=\"summary_large_image\" \/>\n<meta name=\"twitter:label1\" content=\"Gesch\u00e4tzte Lesezeit\" \/>\n\t<meta name=\"twitter:data1\" content=\"1\u00a0Minute\" \/>\n<script type=\"application\/ld+json\" class=\"yoast-schema-graph\">{\"@context\":\"https:\\\/\\\/schema.org\",\"@graph\":[{\"@type\":\"WebPage\",\"@id\":\"https:\\\/\\\/www.gjh.de\\\/frog\\\/ueber-uns\\\/der-landesvorstand\\\/jacqueline-schmiedeke-jackie\\\/\",\"url\":\"https:\\\/\\\/www.gjh.de\\\/frog\\\/ueber-uns\\\/der-landesvorstand\\\/jacqueline-schmiedeke-jackie\\\/\",\"name\":\"Landesvorstand: Jacqueline Schmiedeke\",\"isPartOf\":{\"@id\":\"https:\\\/\\\/www.gjh.de\\\/frog\\\/#website\"},\"primaryImageOfPage\":{\"@id\":\"https:\\\/\\\/www.gjh.de\\\/frog\\\/ueber-uns\\\/der-landesvorstand\\\/jacqueline-schmiedeke-jackie\\\/#primaryimage\"},\"image\":{\"@id\":\"https:\\\/\\\/www.gjh.de\\\/frog\\\/ueber-uns\\\/der-landesvorstand\\\/jacqueline-schmiedeke-jackie\\\/#primaryimage\"},\"thumbnailUrl\":\"https:\\\/\\\/www.gjh.de\\\/frog\\\/wp-content\\\/uploads\\\/Jackie-neuer-835x1024.jpg\",\"datePublished\":\"2025-11-02T15:00:00+00:00\",\"dateModified\":\"2025-11-19T12:21:03+00:00\",\"description\":\"Schatzmeisterin Jacqueline Schmiedeke (Jackie) aus dem Kreisverband Wiesbaden.\",\"breadcrumb\":{\"@id\":\"https:\\\/\\\/www.gjh.de\\\/frog\\\/ueber-uns\\\/der-landesvorstand\\\/jacqueline-schmiedeke-jackie\\\/#breadcrumb\"},\"inLanguage\":\"de\",\"potentialAction\":[{\"@type\":\"ReadAction\",\"target\":[\"https:\\\/\\\/www.gjh.de\\\/frog\\\/ueber-uns\\\/der-landesvorstand\\\/jacqueline-schmiedeke-jackie\\\/\"]}]},{\"@type\":\"ImageObject\",\"inLanguage\":\"de\",\"@id\":\"https:\\\/\\\/www.gjh.de\\\/frog\\\/ueber-uns\\\/der-landesvorstand\\\/jacqueline-schmiedeke-jackie\\\/#primaryimage\",\"url\":\"https:\\\/\\\/www.gjh.de\\\/frog\\\/wp-content\\\/uploads\\\/Jackie-neuer-scaled.jpg\",\"contentUrl\":\"https:\\\/\\\/www.gjh.de\\\/frog\\\/wp-content\\\/uploads\\\/Jackie-neuer-scaled.jpg\",\"width\":2087,\"height\":2560},{\"@type\":\"BreadcrumbList\",\"@id\":\"https:\\\/\\\/www.gjh.de\\\/frog\\\/ueber-uns\\\/der-landesvorstand\\\/jacqueline-schmiedeke-jackie\\\/#breadcrumb\",\"itemListElement\":[{\"@type\":\"ListItem\",\"position\":1,\"name\":\"Startseite\",\"item\":\"https:\\\/\\\/www.gjh.de\\\/frog\\\/\"},{\"@type\":\"ListItem\",\"position\":2,\"name\":\"\u00dcber uns\",\"item\":\"https:\\\/\\\/www.gjh.de\\\/frog\\\/ueber-uns\\\/\"},{\"@type\":\"ListItem\",\"position\":3,\"name\":\"Landesvorstand\",\"item\":\"https:\\\/\\\/www.gjh.de\\\/frog\\\/ueber-uns\\\/der-landesvorstand\\\/\"},{\"@type\":\"ListItem\",\"position\":4,\"name\":\"Jacqueline Schmiedeke (Jackie)\"}]},{\"@type\":\"WebSite\",\"@id\":\"https:\\\/\\\/www.gjh.de\\\/frog\\\/#website\",\"url\":\"https:\\\/\\\/www.gjh.de\\\/frog\\\/\",\"name\":\"GR\u00dcNE JUGEND Hessen\",\"description\":\"\",\"potentialAction\":[{\"@type\":\"SearchAction\",\"target\":{\"@type\":\"EntryPoint\",\"urlTemplate\":\"https:\\\/\\\/www.gjh.de\\\/frog\\\/?s={search_term_string}\"},\"query-input\":{\"@type\":\"PropertyValueSpecification\",\"valueRequired\":true,\"valueName\":\"search_term_string\"}}],\"inLanguage\":\"de\"}]}<\/script>\n<!-- \/ Yoast SEO plugin. -->","yoast_head_json":{"title":"Landesvorstand: Jacqueline Schmiedeke","description":"Schatzmeisterin Jacqueline Schmiedeke (Jackie) aus dem Kreisverband Wiesbaden.","robots":{"index":"index","follow":"follow","max-snippet":"max-snippet:-1","max-image-preview":"max-image-preview:large","max-video-preview":"max-video-preview:-1"},"canonical":"https:\/\/www.gjh.de\/frog\/ueber-uns\/der-landesvorstand\/jacqueline-schmiedeke-jackie\/","og_locale":"de_DE","og_type":"article","og_title":"Landesvorstand: Jacqueline Schmiedeke","og_description":"Schatzmeisterin Jacqueline Schmiedeke (Jackie) aus dem Kreisverband Wiesbaden.","og_url":"https:\/\/www.gjh.de\/frog\/ueber-uns\/der-landesvorstand\/jacqueline-schmiedeke-jackie\/","og_site_name":"GR\u00dcNE JUGEND Hessen","article_modified_time":"2025-11-19T12:21:03+00:00","og_image":[{"url":"https:\/\/www.gjh.de\/frog\/wp-content\/uploads\/Jackie-neuer-835x1024.jpg","type":"","width":"","height":""}],"twitter_card":"summary_large_image","twitter_misc":{"Gesch\u00e4tzte Lesezeit":"1\u00a0Minute"},"schema":{"@context":"https:\/\/schema.org","@graph":[{"@type":"WebPage","@id":"https:\/\/www.gjh.de\/frog\/ueber-uns\/der-landesvorstand\/jacqueline-schmiedeke-jackie\/","url":"https:\/\/www.gjh.de\/frog\/ueber-uns\/der-landesvorstand\/jacqueline-schmiedeke-jackie\/","name":"Landesvorstand: Jacqueline Schmiedeke","isPartOf":{"@id":"https:\/\/www.gjh.de\/frog\/#website"},"primaryImageOfPage":{"@id":"https:\/\/www.gjh.de\/frog\/ueber-uns\/der-landesvorstand\/jacqueline-schmiedeke-jackie\/#primaryimage"},"image":{"@id":"https:\/\/www.gjh.de\/frog\/ueber-uns\/der-landesvorstand\/jacqueline-schmiedeke-jackie\/#primaryimage"},"thumbnailUrl":"https:\/\/www.gjh.de\/frog\/wp-content\/uploads\/Jackie-neuer-835x1024.jpg","datePublished":"2025-11-02T15:00:00+00:00","dateModified":"2025-11-19T12:21:03+00:00","description":"Schatzmeisterin Jacqueline Schmiedeke (Jackie) aus dem Kreisverband Wiesbaden.","breadcrumb":{"@id":"https:\/\/www.gjh.de\/frog\/ueber-uns\/der-landesvorstand\/jacqueline-schmiedeke-jackie\/#breadcrumb"},"inLanguage":"de","potentialAction":[{"@type":"ReadAction","target":["https:\/\/www.gjh.de\/frog\/ueber-uns\/der-landesvorstand\/jacqueline-schmiedeke-jackie\/"]}]},{"@type":"ImageObject","inLanguage":"de","@id":"https:\/\/www.gjh.de\/frog\/ueber-uns\/der-landesvorstand\/jacqueline-schmiedeke-jackie\/#primaryimage","url":"https:\/\/www.gjh.de\/frog\/wp-content\/uploads\/Jackie-neuer-scaled.jpg","contentUrl":"https:\/\/www.gjh.de\/frog\/wp-content\/uploads\/Jackie-neuer-scaled.jpg","width":2087,"height":2560},{"@type":"BreadcrumbList","@id":"https:\/\/www.gjh.de\/frog\/ueber-uns\/der-landesvorstand\/jacqueline-schmiedeke-jackie\/#breadcrumb","itemListElement":[{"@type":"ListItem","position":1,"name":"Startseite","item":"https:\/\/www.gjh.de\/frog\/"},{"@type":"ListItem","position":2,"name":"\u00dcber uns","item":"https:\/\/www.gjh.de\/frog\/ueber-uns\/"},{"@type":"ListItem","position":3,"name":"Landesvorstand","item":"https:\/\/www.gjh.de\/frog\/ueber-uns\/der-landesvorstand\/"},{"@type":"ListItem","position":4,"name":"Jacqueline Schmiedeke (Jackie)"}]},{"@type":"WebSite","@id":"https:\/\/www.gjh.de\/frog\/#website","url":"https:\/\/www.gjh.de\/frog\/","name":"GR\u00dcNE JUGEND Hessen","description":"","potentialAction":[{"@type":"SearchAction","target":{"@type":"EntryPoint","urlTemplate":"https:\/\/www.gjh.de\/frog\/?s={search_term_string}"},"query-input":{"@type":"PropertyValueSpecification","valueRequired":true,"valueName":"search_term_string"}}],"inLanguage":"de"}]}},"_links":{"self":[{"href":"https:\/\/www.gjh.de\/frog\/wp-json\/wp\/v2\/pages\/12408","targetHints":{"allow":["GET"]}}],"collection":[{"href":"https:\/\/www.gjh.de\/frog\/wp-json\/wp\/v2\/pages"}],"about":[{"href":"https:\/\/www.gjh.de\/frog\/wp-json\/wp\/v2\/types\/page"}],"author":[{"embeddable":true,"href":"https:\/\/www.gjh.de\/frog\/wp-json\/wp\/v2\/users\/114"}],"replies":[{"embeddable":true,"href":"https:\/\/www.gjh.de\/frog\/wp-json\/wp\/v2\/comments?post=12408"}],"version-history":[{"count":10,"href":"https:\/\/www.gjh.de\/frog\/wp-json\/wp\/v2\/pages\/12408\/revisions"}],"predecessor-version":[{"id":12977,"href":"https:\/\/www.gjh.de\/frog\/wp-json\/wp\/v2\/pages\/12408\/revisions\/12977"}],"up":[{"embeddable":true,"href":"https:\/\/www.gjh.de\/frog\/wp-json\/wp\/v2\/pages\/31"}],"wp:attachment":[{"href":"https:\/\/www.gjh.de\/frog\/wp-json\/wp\/v2\/media?parent=12408"}],"curies":[{"name":"wp","href":"https:\/\/api.w.org\/{rel}","templated":true}]}}

<div class="wp-block-media-text alignwide has-media-on-the-right is-stacked-on-mobile"><div class="wp-block-media-text__content">
<p></p>



<p></p>



<p><strong>Pronomen</strong>: sie/ihr</p>



<p><strong>Amt</strong>: Schatzmeisterin&nbsp;</p>



<p><strong>Alter</strong>: 27</p>



<p><strong>Tätigkeit</strong>: Medizinstudentin</p>



<p><strong>Kreisverband</strong>: Wiesbaden</p>



<p><strong>Themenschwerpunkte</strong>: Feminismus, Klimaschutz, Gesundheit </p>



<p><strong>Ich engagiere mich in der Politik, weil</strong> mich starke Frauen inspiriert haben, dass auch meine Stimme zählt und ich kein Ü50-jähriger weißer Mann sein muss, um mitdenken, mitreden und mitentscheiden zu können. Und dafür ist die Grüne Jugend der beste Ort, aktiv zu werden und politische Veränderungen anzustoßen, die es so dringend braucht.</p>



<p><strong>Wenn ich nicht bei der GRÜNEN JUGEND unterwegs bin,</strong> dann spiele ich Jazzmusik, bin Anatomie-Tutorin an der Uni oder schaue Studio Ghibli Filme.</p>



<p><strong>Regionale Ansprechpartnerin für</strong>: KV Rheingau-Taunus, KV Groß-Gerau, KV Wiesbaden</p>



<p><strong>Koordinatorin für</strong>: Social Media Team, Kampagnenteam, Bildungsteam</p>



<p>Kontakt: <a href="mailto:jacqueline.schmiedeke@gjh.de">jacqueline.schmiedeke[@]gjh.de</a></p>



<p>Instagram: <a href="https://www.instagram.com/jacquelineneila/?hl=de">@jacquelineneila</a></p>



<p>Signal: @jacquelineneila.98</p>
</div><figure class="wp-block-media-text__media"><img loading="lazy" decoding="async" width="835" height="1024" src="https://www.gjh.de/frog/wp-content/uploads/Jackie-neuer-835x1024.jpg" alt="" class="wp-image-12919 size-full" srcset="https://www.gjh.de/frog/wp-content/uploads/Jackie-neuer-835x1024.jpg 835w, https://www.gjh.de/frog/wp-content/uploads/Jackie-neuer-245x300.jpg 245w, https://www.gjh.de/frog/wp-content/uploads/Jackie-neuer-1252x1536.jpg 1252w, https://www.gjh.de/frog/wp-content/uploads/Jackie-neuer-1670x2048.jpg 1670w, https://www.gjh.de/frog/wp-content/uploads/Jackie-neuer-285x350.jpg 285w, https://www.gjh.de/frog/wp-content/uploads/Jackie-neuer-571x700.jpg 571w, https://www.gjh.de/frog/wp-content/uploads/Jackie-neuer-2000x2453.jpg 2000w" sizes="auto, (max-width: 835px) 100vw, 835px" /></figure></div>

<p>Pronomen: sie/ihr Amt: Schatzmeisterin&nbsp; Alter: 27 Tätigkeit: Medizinstudentin Kreisverband: Wiesbaden Themenschwerpunkte: Feminismus, Klimaschutz, Gesundheit Ich engagiere mich in der Politik, weil mich starke Frauen inspiriert haben, dass auch meine Stimme zählt und ich kein Ü50-jähriger weißer Mann sein muss, um mitdenken, mitreden und mitentscheiden zu können. Und dafür ist die Grüne Jugend der beste Ort, [&hellip;]</p>

<!-- This site is optimized with the Yoast SEO plugin v27.5 - https://yoast.com/product/yoast-seo-wordpress/ -->
<title>Landesvorstand: Jacqueline Schmiedeke</title>
<meta name="description" content="Schatzmeisterin Jacqueline Schmiedeke (Jackie) aus dem Kreisverband Wiesbaden." />
<meta name="robots" content="index, follow, max-snippet:-1, max-image-preview:large, max-video-preview:-1" />
<link rel="canonical" href="https://www.gjh.de/frog/ueber-uns/der-landesvorstand/jacqueline-schmiedeke-jackie/" />
<meta property="og:locale" content="de_DE" />
<meta property="og:type" content="article" />
<meta property="og:title" content="Landesvorstand: Jacqueline Schmiedeke" />
<meta property="og:description" content="Schatzmeisterin Jacqueline Schmiedeke (Jackie) aus dem Kreisverband Wiesbaden." />
<meta property="og:url" content="https://www.gjh.de/frog/ueber-uns/der-landesvorstand/jacqueline-schmiedeke-jackie/" />
<meta property="og:site_name" content="GRÜNE JUGEND Hessen" />
<meta property="article:modified_time" content="2025-11-19T12:21:03+00:00" />
<meta property="og:image" content="https://www.gjh.de/frog/wp-content/uploads/Jackie-neuer-835x1024.jpg" />
<meta name="twitter:card" content="summary_large_image" />
<meta name="twitter:label1" content="Geschätzte Lesezeit" />
	<meta name="twitter:data1" content="1 Minute" />
<script type="application/ld+json" class="yoast-schema-graph">{"@context":"https:\/\/schema.org","@graph":[{"@type":"WebPage","@id":"https:\/\/www.gjh.de\/frog\/ueber-uns\/der-landesvorstand\/jacqueline-schmiedeke-jackie\/","url":"https:\/\/www.gjh.de\/frog\/ueber-uns\/der-landesvorstand\/jacqueline-schmiedeke-jackie\/","name":"Landesvorstand: Jacqueline Schmiedeke","isPartOf":{"@id":"https:\/\/www.gjh.de\/frog\/#website"},"primaryImageOfPage":{"@id":"https:\/\/www.gjh.de\/frog\/ueber-uns\/der-landesvorstand\/jacqueline-schmiedeke-jackie\/#primaryimage"},"image":{"@id":"https:\/\/www.gjh.de\/frog\/ueber-uns\/der-landesvorstand\/jacqueline-schmiedeke-jackie\/#primaryimage"},"thumbnailUrl":"https:\/\/www.gjh.de\/frog\/wp-content\/uploads\/Jackie-neuer-835x1024.jpg","datePublished":"2025-11-02T15:00:00+00:00","dateModified":"2025-11-19T12:21:03+00:00","description":"Schatzmeisterin Jacqueline Schmiedeke (Jackie) aus dem Kreisverband Wiesbaden.","breadcrumb":{"@id":"https:\/\/www.gjh.de\/frog\/ueber-uns\/der-landesvorstand\/jacqueline-schmiedeke-jackie\/#breadcrumb"},"inLanguage":"de","potentialAction":[{"@type":"ReadAction","target":["https:\/\/www.gjh.de\/frog\/ueber-uns\/der-landesvorstand\/jacqueline-schmiedeke-jackie\/"]}]},{"@type":"ImageObject","inLanguage":"de","@id":"https:\/\/www.gjh.de\/frog\/ueber-uns\/der-landesvorstand\/jacqueline-schmiedeke-jackie\/#primaryimage","url":"https:\/\/www.gjh.de\/frog\/wp-content\/uploads\/Jackie-neuer-scaled.jpg","contentUrl":"https:\/\/www.gjh.de\/frog\/wp-content\/uploads\/Jackie-neuer-scaled.jpg","width":2087,"height":2560},{"@type":"BreadcrumbList","@id":"https:\/\/www.gjh.de\/frog\/ueber-uns\/der-landesvorstand\/jacqueline-schmiedeke-jackie\/#breadcrumb","itemListElement":[{"@type":"ListItem","position":1,"name":"Startseite","item":"https:\/\/www.gjh.de\/frog\/"},{"@type":"ListItem","position":2,"name":"Über uns","item":"https:\/\/www.gjh.de\/frog\/ueber-uns\/"},{"@type":"ListItem","position":3,"name":"Landesvorstand","item":"https:\/\/www.gjh.de\/frog\/ueber-uns\/der-landesvorstand\/"},{"@type":"ListItem","position":4,"name":"Jacqueline Schmiedeke (Jackie)"}]},{"@type":"WebSite","@id":"https:\/\/www.gjh.de\/frog\/#website","url":"https:\/\/www.gjh.de\/frog\/","name":"GRÜNE JUGEND Hessen","description":"","potentialAction":[{"@type":"SearchAction","target":{"@type":"EntryPoint","urlTemplate":"https:\/\/www.gjh.de\/frog\/?s={search_term_string}"},"query-input":{"@type":"PropertyValueSpecification","valueRequired":true,"valueName":"search_term_string"}}],"inLanguage":"de"}]}</script>
<!-- / Yoast SEO plugin. -->

GRÜNE JUGEND Hessen

Über uns
