{"id":12992,"date":"2025-11-02T13:48:23","date_gmt":"2025-11-02T12:48:23","guid":{"rendered":"https:\/\/www.gjh.de\/frog\/?page_id=12992"},"modified":"2025-11-19T14:23:37","modified_gmt":"2025-11-19T13:23:37","slug":"nico-heidl","status":"publish","type":"page","link":"https:\/\/www.gjh.de\/frog\/ueber-uns\/der-landesvorstand\/nico-heidl\/","title":{"rendered":"Nico Heidl"},"content":{"rendered":"\n<p><\/p>\n\n\n\n<div class=\"wp-block-group\"><div class=\"wp-block-group__inner-container is-layout-constrained wp-block-group-is-layout-constrained\">\n<div class=\"wp-block-media-text has-media-on-the-right is-stacked-on-mobile\"><div class=\"wp-block-media-text__content\">\n<p><strong>Pronomen:<\/strong> er\/ihm <\/p>\n\n\n\n<p><strong>Amt:<\/strong> Beisitzer\/ Queerpolitischer Sprecher <\/p>\n\n\n\n<p><strong>Alter: <\/strong>24 <\/p>\n\n\n\n<p><strong>T\u00e4tigkeit:<\/strong> Student &#8211; Soziale Arbeit<\/p>\n\n\n\n<p><strong>Kreisverband:<\/strong> Werra-Mei\u00dfner<\/p>\n\n\n\n<p><strong>Themenschwerpunkte:<\/strong> Queere Sichtbarkeit, Soziale Gerechtigkeit, Empowerment<\/p>\n\n\n\n<p><strong>Ich engagiere mich in der Politik, weil <\/strong>ich wei\u00df, wie es sich anf\u00fchlt ohne queere Sichtbarkeit, ohne Vorbilder oder Community aufzuwachsen. Genau dieses Gef\u00fchl war mein Antrieb etwas zu ver\u00e4ndern. Gerade in Zeiten, in denen Queerfeindlichkeit wieder lauter wird, m\u00f6chte ich zeigen, dass wir laut, bunt und sichtbar bleiben. Wenn ich nicht bei der GR\u00dcNEN JUGEND aktiv bin, engagiere ich mich als Projektmanager f\u00fcr die QueereJugendWMK. Ansonsten gehe ich gerne auf Konzerte, verreise oder verbringe Zeit mit Freund*innen. :)<\/p>\n\n\n\n<p><strong>Wenn ich nicht bei der GR\u00dcNEN JUGEND aktiv bin,<\/strong> engagiere ich mich als Projektmanager f\u00fcr die QueereJugendWMK. Ansonsten gehe ich gerne auf Konzerte, verreise oder verbringe Zeit mit Freund*innen. :)<\/p>\n\n\n\n<p><strong>Regionaler Ansprechpartner f\u00fcr:<\/strong> KV Kassel, KV Waldeck-Frankenberg, KV Werra-Mei\u00dfner<\/p>\n\n\n\n<p><strong>Koordinator f\u00fcr: <\/strong>Social Media Team, Awareness-Team, U-18, Queere Vernetzung<\/p>\n\n\n\n<p>Kontakt: <a href=\"mailto:nico.heidl@gjh.de\">nico.heidl@gjh.de<\/a> <\/p>\n\n\n\n<p>Instagram: <a href=\"https:\/\/www.instagram.com\/nico.heidl\/\">@nico.heidl<\/a><\/p>\n\n\n\n<p>Telegram: @nicoheidl<\/p>\n<\/div><figure class=\"wp-block-media-text__media\"><img loading=\"lazy\" decoding=\"async\" width=\"683\" height=\"1024\" src=\"https:\/\/www.gjh.de\/frog\/wp-content\/uploads\/DSC04183-1-683x1024.jpg\" alt=\"\" class=\"wp-image-12995 size-full\" srcset=\"https:\/\/www.gjh.de\/frog\/wp-content\/uploads\/DSC04183-1-683x1024.jpg 683w, https:\/\/www.gjh.de\/frog\/wp-content\/uploads\/DSC04183-1-200x300.jpg 200w, https:\/\/www.gjh.de\/frog\/wp-content\/uploads\/DSC04183-1-1024x1536.jpg 1024w, https:\/\/www.gjh.de\/frog\/wp-content\/uploads\/DSC04183-1-1365x2048.jpg 1365w, https:\/\/www.gjh.de\/frog\/wp-content\/uploads\/DSC04183-1-233x350.jpg 233w, https:\/\/www.gjh.de\/frog\/wp-content\/uploads\/DSC04183-1-467x700.jpg 467w, https:\/\/www.gjh.de\/frog\/wp-content\/uploads\/DSC04183-1-2000x3000.jpg 2000w, https:\/\/www.gjh.de\/frog\/wp-content\/uploads\/DSC04183-1-scaled.jpg 1707w\" sizes=\"auto, (max-width: 683px) 100vw, 683px\" \/><\/figure><\/div>\n<\/div><\/div>\n\n\n\n<p><\/p>\n\n\n\n<p><\/p>\n","protected":false},"excerpt":{"rendered":"<p>Pronomen: er\/ihm Amt: Beisitzer\/ Queerpolitischer Sprecher Alter: 24 T\u00e4tigkeit: Student &#8211; Soziale Arbeit Kreisverband: Werra-Mei\u00dfner Themenschwerpunkte: Queere Sichtbarkeit, Soziale Gerechtigkeit, Empowerment Ich engagiere mich in der Politik, weil ich wei\u00df, wie es sich anf\u00fchlt ohne queere Sichtbarkeit, ohne Vorbilder oder Community aufzuwachsen. Genau dieses Gef\u00fchl war mein Antrieb etwas zu ver\u00e4ndern. Gerade in Zeiten, in [&hellip;]<\/p>\n","protected":false},"author":114,"featured_media":0,"parent":31,"menu_order":0,"comment_status":"closed","ping_status":"closed","template":"","meta":{"footnotes":""},"class_list":["post-12992","page","type-page","status-publish","hentry"],"yoast_head":"<!-- This site is optimized with the Yoast SEO plugin v27.5 - https:\/\/yoast.com\/product\/yoast-seo-wordpress\/ -->\n<title>Landesvorstand: Nico Heidl<\/title>\n<meta name=\"description\" content=\"Beisitze und Queerpolitischer Sprecher Nico Heidl aus dem Kreisverband Werra-Mei\u00dfner.\" \/>\n<meta name=\"robots\" content=\"index, follow, max-snippet:-1, max-image-preview:large, max-video-preview:-1\" \/>\n<link rel=\"canonical\" href=\"https:\/\/www.gjh.de\/frog\/ueber-uns\/der-landesvorstand\/nico-heidl\/\" \/>\n<meta property=\"og:locale\" content=\"de_DE\" \/>\n<meta property=\"og:type\" content=\"article\" \/>\n<meta property=\"og:title\" content=\"Landesvorstand: Nico Heidl\" \/>\n<meta property=\"og:description\" content=\"Beisitze und Queerpolitischer Sprecher Nico Heidl aus dem Kreisverband Werra-Mei\u00dfner.\" \/>\n<meta property=\"og:url\" content=\"https:\/\/www.gjh.de\/frog\/ueber-uns\/der-landesvorstand\/nico-heidl\/\" \/>\n<meta property=\"og:site_name\" content=\"GR\u00dcNE JUGEND Hessen\" \/>\n<meta property=\"article:modified_time\" content=\"2025-11-19T13:23:37+00:00\" \/>\n<meta property=\"og:image\" content=\"https:\/\/www.gjh.de\/frog\/wp-content\/uploads\/DSC04183-1-683x1024.jpg\" \/>\n<meta name=\"twitter:card\" content=\"summary_large_image\" \/>\n<meta name=\"twitter:label1\" content=\"Gesch\u00e4tzte Lesezeit\" \/>\n\t<meta name=\"twitter:data1\" content=\"2\u00a0Minuten\" \/>\n<script type=\"application\/ld+json\" class=\"yoast-schema-graph\">{\"@context\":\"https:\\\/\\\/schema.org\",\"@graph\":[{\"@type\":\"WebPage\",\"@id\":\"https:\\\/\\\/www.gjh.de\\\/frog\\\/ueber-uns\\\/der-landesvorstand\\\/nico-heidl\\\/\",\"url\":\"https:\\\/\\\/www.gjh.de\\\/frog\\\/ueber-uns\\\/der-landesvorstand\\\/nico-heidl\\\/\",\"name\":\"Landesvorstand: Nico Heidl\",\"isPartOf\":{\"@id\":\"https:\\\/\\\/www.gjh.de\\\/frog\\\/#website\"},\"primaryImageOfPage\":{\"@id\":\"https:\\\/\\\/www.gjh.de\\\/frog\\\/ueber-uns\\\/der-landesvorstand\\\/nico-heidl\\\/#primaryimage\"},\"image\":{\"@id\":\"https:\\\/\\\/www.gjh.de\\\/frog\\\/ueber-uns\\\/der-landesvorstand\\\/nico-heidl\\\/#primaryimage\"},\"thumbnailUrl\":\"https:\\\/\\\/www.gjh.de\\\/frog\\\/wp-content\\\/uploads\\\/DSC04183-1-683x1024.jpg\",\"datePublished\":\"2025-11-02T12:48:23+00:00\",\"dateModified\":\"2025-11-19T13:23:37+00:00\",\"description\":\"Beisitze und Queerpolitischer Sprecher Nico Heidl aus dem Kreisverband Werra-Mei\u00dfner.\",\"breadcrumb\":{\"@id\":\"https:\\\/\\\/www.gjh.de\\\/frog\\\/ueber-uns\\\/der-landesvorstand\\\/nico-heidl\\\/#breadcrumb\"},\"inLanguage\":\"de\",\"potentialAction\":[{\"@type\":\"ReadAction\",\"target\":[\"https:\\\/\\\/www.gjh.de\\\/frog\\\/ueber-uns\\\/der-landesvorstand\\\/nico-heidl\\\/\"]}]},{\"@type\":\"ImageObject\",\"inLanguage\":\"de\",\"@id\":\"https:\\\/\\\/www.gjh.de\\\/frog\\\/ueber-uns\\\/der-landesvorstand\\\/nico-heidl\\\/#primaryimage\",\"url\":\"https:\\\/\\\/www.gjh.de\\\/frog\\\/wp-content\\\/uploads\\\/DSC04183-1-scaled.jpg\",\"contentUrl\":\"https:\\\/\\\/www.gjh.de\\\/frog\\\/wp-content\\\/uploads\\\/DSC04183-1-scaled.jpg\",\"width\":1707,\"height\":2560},{\"@type\":\"BreadcrumbList\",\"@id\":\"https:\\\/\\\/www.gjh.de\\\/frog\\\/ueber-uns\\\/der-landesvorstand\\\/nico-heidl\\\/#breadcrumb\",\"itemListElement\":[{\"@type\":\"ListItem\",\"position\":1,\"name\":\"Startseite\",\"item\":\"https:\\\/\\\/www.gjh.de\\\/frog\\\/\"},{\"@type\":\"ListItem\",\"position\":2,\"name\":\"\u00dcber uns\",\"item\":\"https:\\\/\\\/www.gjh.de\\\/frog\\\/ueber-uns\\\/\"},{\"@type\":\"ListItem\",\"position\":3,\"name\":\"Landesvorstand\",\"item\":\"https:\\\/\\\/www.gjh.de\\\/frog\\\/ueber-uns\\\/der-landesvorstand\\\/\"},{\"@type\":\"ListItem\",\"position\":4,\"name\":\"Nico Heidl\"}]},{\"@type\":\"WebSite\",\"@id\":\"https:\\\/\\\/www.gjh.de\\\/frog\\\/#website\",\"url\":\"https:\\\/\\\/www.gjh.de\\\/frog\\\/\",\"name\":\"GR\u00dcNE JUGEND Hessen\",\"description\":\"\",\"potentialAction\":[{\"@type\":\"SearchAction\",\"target\":{\"@type\":\"EntryPoint\",\"urlTemplate\":\"https:\\\/\\\/www.gjh.de\\\/frog\\\/?s={search_term_string}\"},\"query-input\":{\"@type\":\"PropertyValueSpecification\",\"valueRequired\":true,\"valueName\":\"search_term_string\"}}],\"inLanguage\":\"de\"}]}<\/script>\n<!-- \/ Yoast SEO plugin. -->","yoast_head_json":{"title":"Landesvorstand: Nico Heidl","description":"Beisitze und Queerpolitischer Sprecher Nico Heidl aus dem Kreisverband Werra-Mei\u00dfner.","robots":{"index":"index","follow":"follow","max-snippet":"max-snippet:-1","max-image-preview":"max-image-preview:large","max-video-preview":"max-video-preview:-1"},"canonical":"https:\/\/www.gjh.de\/frog\/ueber-uns\/der-landesvorstand\/nico-heidl\/","og_locale":"de_DE","og_type":"article","og_title":"Landesvorstand: Nico Heidl","og_description":"Beisitze und Queerpolitischer Sprecher Nico Heidl aus dem Kreisverband Werra-Mei\u00dfner.","og_url":"https:\/\/www.gjh.de\/frog\/ueber-uns\/der-landesvorstand\/nico-heidl\/","og_site_name":"GR\u00dcNE JUGEND Hessen","article_modified_time":"2025-11-19T13:23:37+00:00","og_image":[{"url":"https:\/\/www.gjh.de\/frog\/wp-content\/uploads\/DSC04183-1-683x1024.jpg","type":"","width":"","height":""}],"twitter_card":"summary_large_image","twitter_misc":{"Gesch\u00e4tzte Lesezeit":"2\u00a0Minuten"},"schema":{"@context":"https:\/\/schema.org","@graph":[{"@type":"WebPage","@id":"https:\/\/www.gjh.de\/frog\/ueber-uns\/der-landesvorstand\/nico-heidl\/","url":"https:\/\/www.gjh.de\/frog\/ueber-uns\/der-landesvorstand\/nico-heidl\/","name":"Landesvorstand: Nico Heidl","isPartOf":{"@id":"https:\/\/www.gjh.de\/frog\/#website"},"primaryImageOfPage":{"@id":"https:\/\/www.gjh.de\/frog\/ueber-uns\/der-landesvorstand\/nico-heidl\/#primaryimage"},"image":{"@id":"https:\/\/www.gjh.de\/frog\/ueber-uns\/der-landesvorstand\/nico-heidl\/#primaryimage"},"thumbnailUrl":"https:\/\/www.gjh.de\/frog\/wp-content\/uploads\/DSC04183-1-683x1024.jpg","datePublished":"2025-11-02T12:48:23+00:00","dateModified":"2025-11-19T13:23:37+00:00","description":"Beisitze und Queerpolitischer Sprecher Nico Heidl aus dem Kreisverband Werra-Mei\u00dfner.","breadcrumb":{"@id":"https:\/\/www.gjh.de\/frog\/ueber-uns\/der-landesvorstand\/nico-heidl\/#breadcrumb"},"inLanguage":"de","potentialAction":[{"@type":"ReadAction","target":["https:\/\/www.gjh.de\/frog\/ueber-uns\/der-landesvorstand\/nico-heidl\/"]}]},{"@type":"ImageObject","inLanguage":"de","@id":"https:\/\/www.gjh.de\/frog\/ueber-uns\/der-landesvorstand\/nico-heidl\/#primaryimage","url":"https:\/\/www.gjh.de\/frog\/wp-content\/uploads\/DSC04183-1-scaled.jpg","contentUrl":"https:\/\/www.gjh.de\/frog\/wp-content\/uploads\/DSC04183-1-scaled.jpg","width":1707,"height":2560},{"@type":"BreadcrumbList","@id":"https:\/\/www.gjh.de\/frog\/ueber-uns\/der-landesvorstand\/nico-heidl\/#breadcrumb","itemListElement":[{"@type":"ListItem","position":1,"name":"Startseite","item":"https:\/\/www.gjh.de\/frog\/"},{"@type":"ListItem","position":2,"name":"\u00dcber uns","item":"https:\/\/www.gjh.de\/frog\/ueber-uns\/"},{"@type":"ListItem","position":3,"name":"Landesvorstand","item":"https:\/\/www.gjh.de\/frog\/ueber-uns\/der-landesvorstand\/"},{"@type":"ListItem","position":4,"name":"Nico Heidl"}]},{"@type":"WebSite","@id":"https:\/\/www.gjh.de\/frog\/#website","url":"https:\/\/www.gjh.de\/frog\/","name":"GR\u00dcNE JUGEND Hessen","description":"","potentialAction":[{"@type":"SearchAction","target":{"@type":"EntryPoint","urlTemplate":"https:\/\/www.gjh.de\/frog\/?s={search_term_string}"},"query-input":{"@type":"PropertyValueSpecification","valueRequired":true,"valueName":"search_term_string"}}],"inLanguage":"de"}]}},"_links":{"self":[{"href":"https:\/\/www.gjh.de\/frog\/wp-json\/wp\/v2\/pages\/12992","targetHints":{"allow":["GET"]}}],"collection":[{"href":"https:\/\/www.gjh.de\/frog\/wp-json\/wp\/v2\/pages"}],"about":[{"href":"https:\/\/www.gjh.de\/frog\/wp-json\/wp\/v2\/types\/page"}],"author":[{"embeddable":true,"href":"https:\/\/www.gjh.de\/frog\/wp-json\/wp\/v2\/users\/114"}],"replies":[{"embeddable":true,"href":"https:\/\/www.gjh.de\/frog\/wp-json\/wp\/v2\/comments?post=12992"}],"version-history":[{"count":2,"href":"https:\/\/www.gjh.de\/frog\/wp-json\/wp\/v2\/pages\/12992\/revisions"}],"predecessor-version":[{"id":12996,"href":"https:\/\/www.gjh.de\/frog\/wp-json\/wp\/v2\/pages\/12992\/revisions\/12996"}],"up":[{"embeddable":true,"href":"https:\/\/www.gjh.de\/frog\/wp-json\/wp\/v2\/pages\/31"}],"wp:attachment":[{"href":"https:\/\/www.gjh.de\/frog\/wp-json\/wp\/v2\/media?parent=12992"}],"curies":[{"name":"wp","href":"https:\/\/api.w.org\/{rel}","templated":true}]}}

<p></p>



<div class="wp-block-group"><div class="wp-block-group__inner-container is-layout-constrained wp-block-group-is-layout-constrained">
<div class="wp-block-media-text has-media-on-the-right is-stacked-on-mobile"><div class="wp-block-media-text__content">
<p><strong>Pronomen:</strong> er/ihm </p>



<p><strong>Amt:</strong> Beisitzer/ Queerpolitischer Sprecher </p>



<p><strong>Alter: </strong>24 </p>



<p><strong>Tätigkeit:</strong> Student &#8211; Soziale Arbeit</p>



<p><strong>Kreisverband:</strong> Werra-Meißner</p>



<p><strong>Themenschwerpunkte:</strong> Queere Sichtbarkeit, Soziale Gerechtigkeit, Empowerment</p>



<p><strong>Ich engagiere mich in der Politik, weil </strong>ich weiß, wie es sich anfühlt ohne queere Sichtbarkeit, ohne Vorbilder oder Community aufzuwachsen. Genau dieses Gefühl war mein Antrieb etwas zu verändern. Gerade in Zeiten, in denen Queerfeindlichkeit wieder lauter wird, möchte ich zeigen, dass wir laut, bunt und sichtbar bleiben. Wenn ich nicht bei der GRÜNEN JUGEND aktiv bin, engagiere ich mich als Projektmanager für die QueereJugendWMK. Ansonsten gehe ich gerne auf Konzerte, verreise oder verbringe Zeit mit Freund*innen. :)</p>



<p><strong>Wenn ich nicht bei der GRÜNEN JUGEND aktiv bin,</strong> engagiere ich mich als Projektmanager für die QueereJugendWMK. Ansonsten gehe ich gerne auf Konzerte, verreise oder verbringe Zeit mit Freund*innen. :)</p>



<p><strong>Regionaler Ansprechpartner für:</strong> KV Kassel, KV Waldeck-Frankenberg, KV Werra-Meißner</p>



<p><strong>Koordinator für: </strong>Social Media Team, Awareness-Team, U-18, Queere Vernetzung</p>



<p>Kontakt: <a href="mailto:nico.heidl@gjh.de">nico.heidl@gjh.de</a> </p>



<p>Instagram: <a href="https://www.instagram.com/nico.heidl/">@nico.heidl</a></p>



<p>Telegram: @nicoheidl</p>
</div><figure class="wp-block-media-text__media"><img loading="lazy" decoding="async" width="683" height="1024" src="https://www.gjh.de/frog/wp-content/uploads/DSC04183-1-683x1024.jpg" alt="" class="wp-image-12995 size-full" srcset="https://www.gjh.de/frog/wp-content/uploads/DSC04183-1-683x1024.jpg 683w, https://www.gjh.de/frog/wp-content/uploads/DSC04183-1-200x300.jpg 200w, https://www.gjh.de/frog/wp-content/uploads/DSC04183-1-1024x1536.jpg 1024w, https://www.gjh.de/frog/wp-content/uploads/DSC04183-1-1365x2048.jpg 1365w, https://www.gjh.de/frog/wp-content/uploads/DSC04183-1-233x350.jpg 233w, https://www.gjh.de/frog/wp-content/uploads/DSC04183-1-467x700.jpg 467w, https://www.gjh.de/frog/wp-content/uploads/DSC04183-1-2000x3000.jpg 2000w, https://www.gjh.de/frog/wp-content/uploads/DSC04183-1-scaled.jpg 1707w" sizes="auto, (max-width: 683px) 100vw, 683px" /></figure></div>
</div></div>



<p></p>



<p></p>

<p>Pronomen: er/ihm Amt: Beisitzer/ Queerpolitischer Sprecher Alter: 24 Tätigkeit: Student &#8211; Soziale Arbeit Kreisverband: Werra-Meißner Themenschwerpunkte: Queere Sichtbarkeit, Soziale Gerechtigkeit, Empowerment Ich engagiere mich in der Politik, weil ich weiß, wie es sich anfühlt ohne queere Sichtbarkeit, ohne Vorbilder oder Community aufzuwachsen. Genau dieses Gefühl war mein Antrieb etwas zu verändern. Gerade in Zeiten, in [&hellip;]</p>

<!-- This site is optimized with the Yoast SEO plugin v27.5 - https://yoast.com/product/yoast-seo-wordpress/ -->
<title>Landesvorstand: Nico Heidl</title>
<meta name="description" content="Beisitze und Queerpolitischer Sprecher Nico Heidl aus dem Kreisverband Werra-Meißner." />
<meta name="robots" content="index, follow, max-snippet:-1, max-image-preview:large, max-video-preview:-1" />
<link rel="canonical" href="https://www.gjh.de/frog/ueber-uns/der-landesvorstand/nico-heidl/" />
<meta property="og:locale" content="de_DE" />
<meta property="og:type" content="article" />
<meta property="og:title" content="Landesvorstand: Nico Heidl" />
<meta property="og:description" content="Beisitze und Queerpolitischer Sprecher Nico Heidl aus dem Kreisverband Werra-Meißner." />
<meta property="og:url" content="https://www.gjh.de/frog/ueber-uns/der-landesvorstand/nico-heidl/" />
<meta property="og:site_name" content="GRÜNE JUGEND Hessen" />
<meta property="article:modified_time" content="2025-11-19T13:23:37+00:00" />
<meta property="og:image" content="https://www.gjh.de/frog/wp-content/uploads/DSC04183-1-683x1024.jpg" />
<meta name="twitter:card" content="summary_large_image" />
<meta name="twitter:label1" content="Geschätzte Lesezeit" />
	<meta name="twitter:data1" content="2 Minuten" />
<script type="application/ld+json" class="yoast-schema-graph">{"@context":"https:\/\/schema.org","@graph":[{"@type":"WebPage","@id":"https:\/\/www.gjh.de\/frog\/ueber-uns\/der-landesvorstand\/nico-heidl\/","url":"https:\/\/www.gjh.de\/frog\/ueber-uns\/der-landesvorstand\/nico-heidl\/","name":"Landesvorstand: Nico Heidl","isPartOf":{"@id":"https:\/\/www.gjh.de\/frog\/#website"},"primaryImageOfPage":{"@id":"https:\/\/www.gjh.de\/frog\/ueber-uns\/der-landesvorstand\/nico-heidl\/#primaryimage"},"image":{"@id":"https:\/\/www.gjh.de\/frog\/ueber-uns\/der-landesvorstand\/nico-heidl\/#primaryimage"},"thumbnailUrl":"https:\/\/www.gjh.de\/frog\/wp-content\/uploads\/DSC04183-1-683x1024.jpg","datePublished":"2025-11-02T12:48:23+00:00","dateModified":"2025-11-19T13:23:37+00:00","description":"Beisitze und Queerpolitischer Sprecher Nico Heidl aus dem Kreisverband Werra-Meißner.","breadcrumb":{"@id":"https:\/\/www.gjh.de\/frog\/ueber-uns\/der-landesvorstand\/nico-heidl\/#breadcrumb"},"inLanguage":"de","potentialAction":[{"@type":"ReadAction","target":["https:\/\/www.gjh.de\/frog\/ueber-uns\/der-landesvorstand\/nico-heidl\/"]}]},{"@type":"ImageObject","inLanguage":"de","@id":"https:\/\/www.gjh.de\/frog\/ueber-uns\/der-landesvorstand\/nico-heidl\/#primaryimage","url":"https:\/\/www.gjh.de\/frog\/wp-content\/uploads\/DSC04183-1-scaled.jpg","contentUrl":"https:\/\/www.gjh.de\/frog\/wp-content\/uploads\/DSC04183-1-scaled.jpg","width":1707,"height":2560},{"@type":"BreadcrumbList","@id":"https:\/\/www.gjh.de\/frog\/ueber-uns\/der-landesvorstand\/nico-heidl\/#breadcrumb","itemListElement":[{"@type":"ListItem","position":1,"name":"Startseite","item":"https:\/\/www.gjh.de\/frog\/"},{"@type":"ListItem","position":2,"name":"Über uns","item":"https:\/\/www.gjh.de\/frog\/ueber-uns\/"},{"@type":"ListItem","position":3,"name":"Landesvorstand","item":"https:\/\/www.gjh.de\/frog\/ueber-uns\/der-landesvorstand\/"},{"@type":"ListItem","position":4,"name":"Nico Heidl"}]},{"@type":"WebSite","@id":"https:\/\/www.gjh.de\/frog\/#website","url":"https:\/\/www.gjh.de\/frog\/","name":"GRÜNE JUGEND Hessen","description":"","potentialAction":[{"@type":"SearchAction","target":{"@type":"EntryPoint","urlTemplate":"https:\/\/www.gjh.de\/frog\/?s={search_term_string}"},"query-input":{"@type":"PropertyValueSpecification","valueRequired":true,"valueName":"search_term_string"}}],"inLanguage":"de"}]}</script>
<!-- / Yoast SEO plugin. -->

Beisitze und Queerpolitischer Sprecher Nico Heidl aus dem Kreisverband Werra-Meißner.

GRÜNE JUGEND Hessen

Über uns
