{"id":171,"date":"2010-05-07T17:32:11","date_gmt":"2010-05-07T15:32:11","guid":{"rendered":"https:\/\/www.gjh.de\/frog\/?page_id=171"},"modified":"2025-03-07T09:18:09","modified_gmt":"2025-03-07T08:18:09","slug":"informiert-werden","status":"publish","type":"page","link":"https:\/\/www.gjh.de\/frog\/mitmachen\/informiert-werden\/","title":{"rendered":"Informiert werden"},"content":{"rendered":"<h3><strong>Channel &#8222;Infos aus der GR\u00dcNEN JUGEND Hessen&#8220;<\/strong><\/h3>\n<p>Wir haben einen Channel, der f\u00fcr alle Mitglieder und Interessierte offen ist. Wenn du diesen abonnierst, verpasst du keine News mehr! Suche dir einfach einen f\u00fcr dich passenden Messenger aus.<\/p>\n<p><strong>Signal<\/strong>: Einfach <a href=\"https:\/\/signal.group\/#CjQKIIenWyQYU9EJMpEEyh8WR8Kcqhfx0JPkRKPnGJNOlx7REhAOv3_jM2d4zAQkTD0oNHoU\" target=\"_blank\" rel=\"noopener\">hier<\/a> klicken und du kannst dem Channel beitreten.<br \/>\n<strong>Whatsapp<\/strong>: Einfach <a href=\"https:\/\/chat.whatsapp.com\/HF3CW22qcW4BF9VgdmBFti\" target=\"_blank\" rel=\"noopener\">hier <\/a>klicken und du kannst dem Channel beitreten.<\/p>\n<h3><strong>Mailingliste<\/strong><\/h3>\n<p>Wir betreiben unterschiedliche Mailinglisten. F\u00fcr die \u00f6ffentliche Liste (gjh-info) k\u00f6nnt ihr euch hier anmelden. Dar\u00fcber versenden wir Veranstaltungseinladungen und weitere wichtige Informationen.<\/p>\n<p>Nach der Anmeldung bekommt ihr eine Mail zugeschickt, in der ihr best\u00e4tigen m\u00fcsst, dass die angegebene Mailadresse auch euch geh\u00f6rt. Danach wird euch ein Passwort zugesendet, mit dem ihr eure Einstellungen anpassen k\u00f6nnt.<\/p>\n<form action=\"https:\/\/listi.jpberlin.de\/mailman\/subscribe\/gjh-info\" method=\"POST\">\n<table style=\"height: 112px;\" border=\"0\" width=\"70%\" cellspacing=\"2\" cellpadding=\"2\">\n<tbody>\n<tr>\n<td width=\"30%\">Deine E-Mailadresse:<\/td>\n<td width=\"70%\"><input name=\"email\" size=\"40\" type=\"Text\" \/><\/td>\n<\/tr>\n<tr>\n<td width=\"30%\">Dein Name (optional):<\/td>\n<td width=\"70%\"><input name=\"fullname\" size=\"40\" type=\"Text\" \/><\/td>\n<\/tr>\n<tr>\n<td colspan=\"3\"><input name=\"email-button\" type=\"Submit\" value=\"Abonnieren\" \/><\/td>\n<\/tr>\n<\/tbody>\n<\/table>\n<\/form>\n<form action=\"https:\/\/listi.jpberlin.de\/mailman\/subscribe\/GJH-debatte\" method=\"POST\"><\/form>\n<p><strong>Hinweis zu unserem Datenschutz gem\u00e4\u00df EU-Datenschutzgrundverordnung<\/strong><br \/>\nWir m\u00f6chten eine gute Beziehung zu Dir aufbauen und Dir Informationen und Angebote zu unserer T\u00e4tigkeit und Aktion zukommen lassen. Sobald du mit uns in Kontakt tritts, verarbeiten wir Daten von dir. Weitere Infos findest du in unseren <a href=\"https:\/\/www.gjh.de\/frog\/datenschutzhinweise\/\" target=\"_blank\" rel=\"noopener\">Datenschutzhinweisen<\/a>.<br \/>\nWenn Du dies nicht w\u00fcnscht, kannst Du jederzeit bei uns der Verwendung Deiner Daten grunds\u00e4tzlich oder f\u00fcr bestimmte Zwecke widersprechen. Bitte schicke dazu eine E-Mail an<a href=\"mailto:mail@gjh.de\"> mail[at]gjh.de<\/a><\/p>\n","protected":false},"excerpt":{"rendered":"<p>Channel &#8222;Infos aus der GR\u00dcNEN JUGEND Hessen&#8220; Wir haben einen Channel, der f\u00fcr alle Mitglieder und Interessierte offen ist. Wenn du diesen abonnierst, verpasst du keine News mehr! Suche dir einfach einen f\u00fcr dich passenden Messenger aus. Signal: Einfach hier klicken und du kannst dem Channel beitreten. Whatsapp: Einfach hier klicken und du kannst dem [&hellip;]<\/p>\n","protected":false},"author":1,"featured_media":0,"parent":146,"menu_order":0,"comment_status":"closed","ping_status":"closed","template":"","meta":{"footnotes":""},"class_list":["post-171","page","type-page","status-publish","hentry"],"yoast_head":"<!-- This site is optimized with the Yoast SEO plugin v27.5 - https:\/\/yoast.com\/product\/yoast-seo-wordpress\/ -->\n<title>Informiert werden<\/title>\n<meta name=\"description\" content=\"Es gibt verschiedene Wege, um mit uns in Kontakt zu bleiben und keine News mehr zu verpassen. Schaut doch mal rein!\" \/>\n<meta name=\"robots\" content=\"index, follow, max-snippet:-1, max-image-preview:large, max-video-preview:-1\" \/>\n<link rel=\"canonical\" href=\"https:\/\/www.gjh.de\/frog\/mitmachen\/informiert-werden\/\" \/>\n<meta property=\"og:locale\" content=\"de_DE\" \/>\n<meta property=\"og:type\" content=\"article\" \/>\n<meta property=\"og:title\" content=\"Informiert werden\" \/>\n<meta property=\"og:description\" content=\"Es gibt verschiedene Wege, um mit uns in Kontakt zu bleiben und keine News mehr zu verpassen. Schaut doch mal rein!\" \/>\n<meta property=\"og:url\" content=\"https:\/\/www.gjh.de\/frog\/mitmachen\/informiert-werden\/\" \/>\n<meta property=\"og:site_name\" content=\"GR\u00dcNE JUGEND Hessen\" \/>\n<meta property=\"article:modified_time\" content=\"2025-03-07T08:18:09+00:00\" \/>\n<meta name=\"twitter:card\" content=\"summary_large_image\" \/>\n<meta name=\"twitter:label1\" content=\"Gesch\u00e4tzte Lesezeit\" \/>\n\t<meta name=\"twitter:data1\" content=\"2\u00a0Minuten\" \/>\n<script type=\"application\/ld+json\" class=\"yoast-schema-graph\">{\"@context\":\"https:\\\/\\\/schema.org\",\"@graph\":[{\"@type\":\"WebPage\",\"@id\":\"https:\\\/\\\/www.gjh.de\\\/frog\\\/mitmachen\\\/informiert-werden\\\/\",\"url\":\"https:\\\/\\\/www.gjh.de\\\/frog\\\/mitmachen\\\/informiert-werden\\\/\",\"name\":\"Informiert werden\",\"isPartOf\":{\"@id\":\"https:\\\/\\\/www.gjh.de\\\/frog\\\/#website\"},\"datePublished\":\"2010-05-07T15:32:11+00:00\",\"dateModified\":\"2025-03-07T08:18:09+00:00\",\"description\":\"Es gibt verschiedene Wege, um mit uns in Kontakt zu bleiben und keine News mehr zu verpassen. Schaut doch mal rein!\",\"breadcrumb\":{\"@id\":\"https:\\\/\\\/www.gjh.de\\\/frog\\\/mitmachen\\\/informiert-werden\\\/#breadcrumb\"},\"inLanguage\":\"de\",\"potentialAction\":[{\"@type\":\"ReadAction\",\"target\":[\"https:\\\/\\\/www.gjh.de\\\/frog\\\/mitmachen\\\/informiert-werden\\\/\"]}]},{\"@type\":\"BreadcrumbList\",\"@id\":\"https:\\\/\\\/www.gjh.de\\\/frog\\\/mitmachen\\\/informiert-werden\\\/#breadcrumb\",\"itemListElement\":[{\"@type\":\"ListItem\",\"position\":1,\"name\":\"Startseite\",\"item\":\"https:\\\/\\\/www.gjh.de\\\/frog\\\/\"},{\"@type\":\"ListItem\",\"position\":2,\"name\":\"Mitmachen\",\"item\":\"https:\\\/\\\/www.gjh.de\\\/frog\\\/mitmachen\\\/\"},{\"@type\":\"ListItem\",\"position\":3,\"name\":\"Informiert werden\"}]},{\"@type\":\"WebSite\",\"@id\":\"https:\\\/\\\/www.gjh.de\\\/frog\\\/#website\",\"url\":\"https:\\\/\\\/www.gjh.de\\\/frog\\\/\",\"name\":\"GR\u00dcNE JUGEND Hessen\",\"description\":\"\",\"potentialAction\":[{\"@type\":\"SearchAction\",\"target\":{\"@type\":\"EntryPoint\",\"urlTemplate\":\"https:\\\/\\\/www.gjh.de\\\/frog\\\/?s={search_term_string}\"},\"query-input\":{\"@type\":\"PropertyValueSpecification\",\"valueRequired\":true,\"valueName\":\"search_term_string\"}}],\"inLanguage\":\"de\"}]}<\/script>\n<!-- \/ Yoast SEO plugin. -->","yoast_head_json":{"title":"Informiert werden","description":"Es gibt verschiedene Wege, um mit uns in Kontakt zu bleiben und keine News mehr zu verpassen. Schaut doch mal rein!","robots":{"index":"index","follow":"follow","max-snippet":"max-snippet:-1","max-image-preview":"max-image-preview:large","max-video-preview":"max-video-preview:-1"},"canonical":"https:\/\/www.gjh.de\/frog\/mitmachen\/informiert-werden\/","og_locale":"de_DE","og_type":"article","og_title":"Informiert werden","og_description":"Es gibt verschiedene Wege, um mit uns in Kontakt zu bleiben und keine News mehr zu verpassen. Schaut doch mal rein!","og_url":"https:\/\/www.gjh.de\/frog\/mitmachen\/informiert-werden\/","og_site_name":"GR\u00dcNE JUGEND Hessen","article_modified_time":"2025-03-07T08:18:09+00:00","twitter_card":"summary_large_image","twitter_misc":{"Gesch\u00e4tzte Lesezeit":"2\u00a0Minuten"},"schema":{"@context":"https:\/\/schema.org","@graph":[{"@type":"WebPage","@id":"https:\/\/www.gjh.de\/frog\/mitmachen\/informiert-werden\/","url":"https:\/\/www.gjh.de\/frog\/mitmachen\/informiert-werden\/","name":"Informiert werden","isPartOf":{"@id":"https:\/\/www.gjh.de\/frog\/#website"},"datePublished":"2010-05-07T15:32:11+00:00","dateModified":"2025-03-07T08:18:09+00:00","description":"Es gibt verschiedene Wege, um mit uns in Kontakt zu bleiben und keine News mehr zu verpassen. Schaut doch mal rein!","breadcrumb":{"@id":"https:\/\/www.gjh.de\/frog\/mitmachen\/informiert-werden\/#breadcrumb"},"inLanguage":"de","potentialAction":[{"@type":"ReadAction","target":["https:\/\/www.gjh.de\/frog\/mitmachen\/informiert-werden\/"]}]},{"@type":"BreadcrumbList","@id":"https:\/\/www.gjh.de\/frog\/mitmachen\/informiert-werden\/#breadcrumb","itemListElement":[{"@type":"ListItem","position":1,"name":"Startseite","item":"https:\/\/www.gjh.de\/frog\/"},{"@type":"ListItem","position":2,"name":"Mitmachen","item":"https:\/\/www.gjh.de\/frog\/mitmachen\/"},{"@type":"ListItem","position":3,"name":"Informiert werden"}]},{"@type":"WebSite","@id":"https:\/\/www.gjh.de\/frog\/#website","url":"https:\/\/www.gjh.de\/frog\/","name":"GR\u00dcNE JUGEND Hessen","description":"","potentialAction":[{"@type":"SearchAction","target":{"@type":"EntryPoint","urlTemplate":"https:\/\/www.gjh.de\/frog\/?s={search_term_string}"},"query-input":{"@type":"PropertyValueSpecification","valueRequired":true,"valueName":"search_term_string"}}],"inLanguage":"de"}]}},"_links":{"self":[{"href":"https:\/\/www.gjh.de\/frog\/wp-json\/wp\/v2\/pages\/171","targetHints":{"allow":["GET"]}}],"collection":[{"href":"https:\/\/www.gjh.de\/frog\/wp-json\/wp\/v2\/pages"}],"about":[{"href":"https:\/\/www.gjh.de\/frog\/wp-json\/wp\/v2\/types\/page"}],"author":[{"embeddable":true,"href":"https:\/\/www.gjh.de\/frog\/wp-json\/wp\/v2\/users\/1"}],"replies":[{"embeddable":true,"href":"https:\/\/www.gjh.de\/frog\/wp-json\/wp\/v2\/comments?post=171"}],"version-history":[{"count":21,"href":"https:\/\/www.gjh.de\/frog\/wp-json\/wp\/v2\/pages\/171\/revisions"}],"predecessor-version":[{"id":12566,"href":"https:\/\/www.gjh.de\/frog\/wp-json\/wp\/v2\/pages\/171\/revisions\/12566"}],"up":[{"embeddable":true,"href":"https:\/\/www.gjh.de\/frog\/wp-json\/wp\/v2\/pages\/146"}],"wp:attachment":[{"href":"https:\/\/www.gjh.de\/frog\/wp-json\/wp\/v2\/media?parent=171"}],"curies":[{"name":"wp","href":"https:\/\/api.w.org\/{rel}","templated":true}]}}