{"id":31,"date":"2010-04-25T00:09:15","date_gmt":"2010-04-24T22:09:15","guid":{"rendered":"https:\/\/www.gjh.de\/frog\/?page_id=31"},"modified":"2026-04-09T12:45:50","modified_gmt":"2026-04-09T10:45:50","slug":"der-landesvorstand","status":"publish","type":"page","link":"https:\/\/www.gjh.de\/frog\/ueber-uns\/der-landesvorstand\/","title":{"rendered":"Landesvorstand"},"content":{"rendered":"\n<h3 class=\"wp-block-heading\">Der Landesvorstand wurde am 01. November 2025 von der Landesmitgliederversammlung in Kassel gew\u00e4hlt.<\/h3>\n\n\n\n<figure class=\"wp-block-image size-large\"><img loading=\"lazy\" decoding=\"async\" width=\"1024\" height=\"799\" src=\"https:\/\/www.gjh.de\/frog\/wp-content\/uploads\/neuer-LaVo-1024x799.jpg\" alt=\"\" class=\"wp-image-13144\" srcset=\"https:\/\/www.gjh.de\/frog\/wp-content\/uploads\/neuer-LaVo-1024x799.jpg 1024w, https:\/\/www.gjh.de\/frog\/wp-content\/uploads\/neuer-LaVo-300x234.jpg 300w, https:\/\/www.gjh.de\/frog\/wp-content\/uploads\/neuer-LaVo-1536x1198.jpg 1536w, https:\/\/www.gjh.de\/frog\/wp-content\/uploads\/neuer-LaVo-2048x1598.jpg 2048w, https:\/\/www.gjh.de\/frog\/wp-content\/uploads\/neuer-LaVo-449x350.jpg 449w, https:\/\/www.gjh.de\/frog\/wp-content\/uploads\/neuer-LaVo-600x468.jpg 600w, https:\/\/www.gjh.de\/frog\/wp-content\/uploads\/neuer-LaVo-2000x1560.jpg 2000w\" sizes=\"auto, (max-width: 1024px) 100vw, 1024px\" \/><\/figure>\n\n\n\n<p><a href=\"https:\/\/www.gjh.de\/frog\/ueber-uns\/der-landesvorstand\/senem-bozdag\/\">Senem Bozdag<\/a> &#8211; Sprecherin<\/p>\n\n\n\n<p><a href=\"https:\/\/www.gjh.de\/frog\/ueber-uns\/der-landesvorstand\/titus-dharmababu\/\">Titus Dharmababu<\/a> &#8211; Sprecher<\/p>\n\n\n\n<p><a href=\"https:\/\/www.gjh.de\/frog\/ueber-uns\/der-landesvorstand\/sebastian-dambaur\/\">Sebastian Dambaur<\/a> &#8211; Politischer Gesch\u00e4ftsf\u00fchrer<\/p>\n\n\n\n<p><a href=\"https:\/\/www.gjh.de\/frog\/ueber-uns\/der-landesvorstand\/jacqueline-schmiedeke-jackie\/\">Jacqueline Schmiedeke (Jackie)<\/a> &#8211; Schatzmeisterin<\/p>\n\n\n\n<p><a href=\"https:\/\/www.gjh.de\/frog\/ueber-uns\/der-landesvorstand\/christina-baehr-chrissi\/\">Christina B\u00e4hr (Chrissi)<\/a> &#8211; FINTA*politische Sprecherin<\/p>\n\n\n\n<p><a href=\"https:\/\/www.gjh.de\/frog\/hannah-ferber\/\">Hannah Ferber<\/a> &#8211; Vielfaltspolitische Sprecherin<\/p>\n\n\n\n<p><a href=\"https:\/\/www.gjh.de\/frog\/nico-heidl\/\">Nico Heidl<\/a> &#8211; Beisitzer und Queerpolitischer Sprecher<\/p>\n\n\n\n<p><a href=\"https:\/\/www.gjh.de\/frog\/theo-schmuck\/\">Theo Schmu<\/a><a href=\"https:\/\/www.gjh.de\/frog\/ueber-uns\/der-landesvorstand\/theo-schmuck\/\">ck<\/a> &#8211; Beisitzer<\/p>\n\n\n\n<ul class=\"wp-block-list\">\n<li><\/li>\n<\/ul>\n\n\n\n<p><\/p>\n\n\n\n<p>Der Landesvorstand trifft sich in der Regel Dienstagabends. Wenn ihr ein Anliegen habt und bei der Telefonkonferenz dabei sein wollt, dann schreibt eine Email an: <a href=\"mailto:mail@gjh.de\">mail@gjh.de<\/a> <\/p>\n","protected":false},"excerpt":{"rendered":"<p>Der Landesvorstand wurde am 01. November 2025 von der Landesmitgliederversammlung in Kassel gew\u00e4hlt. Senem Bozdag &#8211; Sprecherin Titus Dharmababu &#8211; Sprecher Sebastian Dambaur &#8211; Politischer Gesch\u00e4ftsf\u00fchrer Jacqueline Schmiedeke (Jackie) &#8211; Schatzmeisterin Christina B\u00e4hr (Chrissi) &#8211; FINTA*politische Sprecherin Hannah Ferber &#8211; Vielfaltspolitische Sprecherin Nico Heidl &#8211; Beisitzer und Queerpolitischer Sprecher Theo Schmuck &#8211; Beisitzer Der Landesvorstand [&hellip;]<\/p>\n","protected":false},"author":1,"featured_media":0,"parent":3261,"menu_order":0,"comment_status":"closed","ping_status":"closed","template":"","meta":{"footnotes":""},"class_list":["post-31","page","type-page","status-publish","hentry"],"yoast_head":"<!-- This site is optimized with the Yoast SEO plugin v27.5 - https:\/\/yoast.com\/product\/yoast-seo-wordpress\/ -->\n<title>Landesvorstand - GR\u00dcNE JUGEND Hessen<\/title>\n<meta name=\"description\" content=\"Der aktuelle Landesvorstand der GR\u00dcNEN JUGEND Hessen. Dieser wird jedes Jahr auf der Landesmitgliederversammlung im Herbst gew\u00e4hlt.\" \/>\n<meta name=\"robots\" content=\"index, follow, max-snippet:-1, max-image-preview:large, max-video-preview:-1\" \/>\n<link rel=\"canonical\" href=\"https:\/\/www.gjh.de\/frog\/ueber-uns\/der-landesvorstand\/\" \/>\n<meta property=\"og:locale\" content=\"de_DE\" \/>\n<meta property=\"og:type\" content=\"article\" \/>\n<meta property=\"og:title\" content=\"Landesvorstand - GR\u00dcNE JUGEND Hessen\" \/>\n<meta property=\"og:description\" content=\"Der aktuelle Landesvorstand der GR\u00dcNEN JUGEND Hessen. Dieser wird jedes Jahr auf der Landesmitgliederversammlung im Herbst gew\u00e4hlt.\" \/>\n<meta property=\"og:url\" content=\"https:\/\/www.gjh.de\/frog\/ueber-uns\/der-landesvorstand\/\" \/>\n<meta property=\"og:site_name\" content=\"GR\u00dcNE JUGEND Hessen\" \/>\n<meta property=\"article:modified_time\" content=\"2026-04-09T10:45:50+00:00\" \/>\n<meta property=\"og:image\" content=\"https:\/\/www.gjh.de\/frog\/wp-content\/uploads\/neuer-LaVo-scaled.jpg\" \/>\n\t<meta property=\"og:image:width\" content=\"2560\" \/>\n\t<meta property=\"og:image:height\" content=\"1997\" \/>\n\t<meta property=\"og:image:type\" content=\"image\/jpeg\" \/>\n<meta name=\"twitter:card\" content=\"summary_large_image\" \/>\n<meta name=\"twitter:label1\" content=\"Gesch\u00e4tzte Lesezeit\" \/>\n\t<meta name=\"twitter:data1\" content=\"1\u00a0Minute\" \/>\n<script type=\"application\/ld+json\" class=\"yoast-schema-graph\">{\"@context\":\"https:\\\/\\\/schema.org\",\"@graph\":[{\"@type\":\"WebPage\",\"@id\":\"https:\\\/\\\/www.gjh.de\\\/frog\\\/ueber-uns\\\/der-landesvorstand\\\/\",\"url\":\"https:\\\/\\\/www.gjh.de\\\/frog\\\/ueber-uns\\\/der-landesvorstand\\\/\",\"name\":\"Landesvorstand - GR\u00dcNE JUGEND Hessen\",\"isPartOf\":{\"@id\":\"https:\\\/\\\/www.gjh.de\\\/frog\\\/#website\"},\"primaryImageOfPage\":{\"@id\":\"https:\\\/\\\/www.gjh.de\\\/frog\\\/ueber-uns\\\/der-landesvorstand\\\/#primaryimage\"},\"image\":{\"@id\":\"https:\\\/\\\/www.gjh.de\\\/frog\\\/ueber-uns\\\/der-landesvorstand\\\/#primaryimage\"},\"thumbnailUrl\":\"https:\\\/\\\/www.gjh.de\\\/frog\\\/wp-content\\\/uploads\\\/neuer-LaVo-1024x799.jpg\",\"datePublished\":\"2010-04-24T22:09:15+00:00\",\"dateModified\":\"2026-04-09T10:45:50+00:00\",\"description\":\"Der aktuelle Landesvorstand der GR\u00dcNEN JUGEND Hessen. Dieser wird jedes Jahr auf der Landesmitgliederversammlung im Herbst gew\u00e4hlt.\",\"breadcrumb\":{\"@id\":\"https:\\\/\\\/www.gjh.de\\\/frog\\\/ueber-uns\\\/der-landesvorstand\\\/#breadcrumb\"},\"inLanguage\":\"de\",\"potentialAction\":[{\"@type\":\"ReadAction\",\"target\":[\"https:\\\/\\\/www.gjh.de\\\/frog\\\/ueber-uns\\\/der-landesvorstand\\\/\"]}]},{\"@type\":\"ImageObject\",\"inLanguage\":\"de\",\"@id\":\"https:\\\/\\\/www.gjh.de\\\/frog\\\/ueber-uns\\\/der-landesvorstand\\\/#primaryimage\",\"url\":\"https:\\\/\\\/www.gjh.de\\\/frog\\\/wp-content\\\/uploads\\\/neuer-LaVo-scaled.jpg\",\"contentUrl\":\"https:\\\/\\\/www.gjh.de\\\/frog\\\/wp-content\\\/uploads\\\/neuer-LaVo-scaled.jpg\",\"width\":2560,\"height\":1997},{\"@type\":\"BreadcrumbList\",\"@id\":\"https:\\\/\\\/www.gjh.de\\\/frog\\\/ueber-uns\\\/der-landesvorstand\\\/#breadcrumb\",\"itemListElement\":[{\"@type\":\"ListItem\",\"position\":1,\"name\":\"Startseite\",\"item\":\"https:\\\/\\\/www.gjh.de\\\/frog\\\/\"},{\"@type\":\"ListItem\",\"position\":2,\"name\":\"\u00dcber uns\",\"item\":\"https:\\\/\\\/www.gjh.de\\\/frog\\\/ueber-uns\\\/\"},{\"@type\":\"ListItem\",\"position\":3,\"name\":\"Landesvorstand\"}]},{\"@type\":\"WebSite\",\"@id\":\"https:\\\/\\\/www.gjh.de\\\/frog\\\/#website\",\"url\":\"https:\\\/\\\/www.gjh.de\\\/frog\\\/\",\"name\":\"GR\u00dcNE JUGEND Hessen\",\"description\":\"\",\"potentialAction\":[{\"@type\":\"SearchAction\",\"target\":{\"@type\":\"EntryPoint\",\"urlTemplate\":\"https:\\\/\\\/www.gjh.de\\\/frog\\\/?s={search_term_string}\"},\"query-input\":{\"@type\":\"PropertyValueSpecification\",\"valueRequired\":true,\"valueName\":\"search_term_string\"}}],\"inLanguage\":\"de\"}]}<\/script>\n<!-- \/ Yoast SEO plugin. -->","yoast_head_json":{"title":"Landesvorstand - GR\u00dcNE JUGEND Hessen","description":"Der aktuelle Landesvorstand der GR\u00dcNEN JUGEND Hessen. Dieser wird jedes Jahr auf der Landesmitgliederversammlung im Herbst gew\u00e4hlt.","robots":{"index":"index","follow":"follow","max-snippet":"max-snippet:-1","max-image-preview":"max-image-preview:large","max-video-preview":"max-video-preview:-1"},"canonical":"https:\/\/www.gjh.de\/frog\/ueber-uns\/der-landesvorstand\/","og_locale":"de_DE","og_type":"article","og_title":"Landesvorstand - GR\u00dcNE JUGEND Hessen","og_description":"Der aktuelle Landesvorstand der GR\u00dcNEN JUGEND Hessen. Dieser wird jedes Jahr auf der Landesmitgliederversammlung im Herbst gew\u00e4hlt.","og_url":"https:\/\/www.gjh.de\/frog\/ueber-uns\/der-landesvorstand\/","og_site_name":"GR\u00dcNE JUGEND Hessen","article_modified_time":"2026-04-09T10:45:50+00:00","og_image":[{"width":2560,"height":1997,"url":"https:\/\/www.gjh.de\/frog\/wp-content\/uploads\/neuer-LaVo-scaled.jpg","type":"image\/jpeg"}],"twitter_card":"summary_large_image","twitter_misc":{"Gesch\u00e4tzte Lesezeit":"1\u00a0Minute"},"schema":{"@context":"https:\/\/schema.org","@graph":[{"@type":"WebPage","@id":"https:\/\/www.gjh.de\/frog\/ueber-uns\/der-landesvorstand\/","url":"https:\/\/www.gjh.de\/frog\/ueber-uns\/der-landesvorstand\/","name":"Landesvorstand - GR\u00dcNE JUGEND Hessen","isPartOf":{"@id":"https:\/\/www.gjh.de\/frog\/#website"},"primaryImageOfPage":{"@id":"https:\/\/www.gjh.de\/frog\/ueber-uns\/der-landesvorstand\/#primaryimage"},"image":{"@id":"https:\/\/www.gjh.de\/frog\/ueber-uns\/der-landesvorstand\/#primaryimage"},"thumbnailUrl":"https:\/\/www.gjh.de\/frog\/wp-content\/uploads\/neuer-LaVo-1024x799.jpg","datePublished":"2010-04-24T22:09:15+00:00","dateModified":"2026-04-09T10:45:50+00:00","description":"Der aktuelle Landesvorstand der GR\u00dcNEN JUGEND Hessen. Dieser wird jedes Jahr auf der Landesmitgliederversammlung im Herbst gew\u00e4hlt.","breadcrumb":{"@id":"https:\/\/www.gjh.de\/frog\/ueber-uns\/der-landesvorstand\/#breadcrumb"},"inLanguage":"de","potentialAction":[{"@type":"ReadAction","target":["https:\/\/www.gjh.de\/frog\/ueber-uns\/der-landesvorstand\/"]}]},{"@type":"ImageObject","inLanguage":"de","@id":"https:\/\/www.gjh.de\/frog\/ueber-uns\/der-landesvorstand\/#primaryimage","url":"https:\/\/www.gjh.de\/frog\/wp-content\/uploads\/neuer-LaVo-scaled.jpg","contentUrl":"https:\/\/www.gjh.de\/frog\/wp-content\/uploads\/neuer-LaVo-scaled.jpg","width":2560,"height":1997},{"@type":"BreadcrumbList","@id":"https:\/\/www.gjh.de\/frog\/ueber-uns\/der-landesvorstand\/#breadcrumb","itemListElement":[{"@type":"ListItem","position":1,"name":"Startseite","item":"https:\/\/www.gjh.de\/frog\/"},{"@type":"ListItem","position":2,"name":"\u00dcber uns","item":"https:\/\/www.gjh.de\/frog\/ueber-uns\/"},{"@type":"ListItem","position":3,"name":"Landesvorstand"}]},{"@type":"WebSite","@id":"https:\/\/www.gjh.de\/frog\/#website","url":"https:\/\/www.gjh.de\/frog\/","name":"GR\u00dcNE JUGEND Hessen","description":"","potentialAction":[{"@type":"SearchAction","target":{"@type":"EntryPoint","urlTemplate":"https:\/\/www.gjh.de\/frog\/?s={search_term_string}"},"query-input":{"@type":"PropertyValueSpecification","valueRequired":true,"valueName":"search_term_string"}}],"inLanguage":"de"}]}},"_links":{"self":[{"href":"https:\/\/www.gjh.de\/frog\/wp-json\/wp\/v2\/pages\/31","targetHints":{"allow":["GET"]}}],"collection":[{"href":"https:\/\/www.gjh.de\/frog\/wp-json\/wp\/v2\/pages"}],"about":[{"href":"https:\/\/www.gjh.de\/frog\/wp-json\/wp\/v2\/types\/page"}],"author":[{"embeddable":true,"href":"https:\/\/www.gjh.de\/frog\/wp-json\/wp\/v2\/users\/1"}],"replies":[{"embeddable":true,"href":"https:\/\/www.gjh.de\/frog\/wp-json\/wp\/v2\/comments?post=31"}],"version-history":[{"count":192,"href":"https:\/\/www.gjh.de\/frog\/wp-json\/wp\/v2\/pages\/31\/revisions"}],"predecessor-version":[{"id":13153,"href":"https:\/\/www.gjh.de\/frog\/wp-json\/wp\/v2\/pages\/31\/revisions\/13153"}],"up":[{"embeddable":true,"href":"https:\/\/www.gjh.de\/frog\/wp-json\/wp\/v2\/pages\/3261"}],"wp:attachment":[{"href":"https:\/\/www.gjh.de\/frog\/wp-json\/wp\/v2\/media?parent=31"}],"curies":[{"name":"wp","href":"https:\/\/api.w.org\/{rel}","templated":true}]}}

<h3 class="wp-block-heading">Der Landesvorstand wurde am 01. November 2025 von der Landesmitgliederversammlung in Kassel gewählt.</h3>



<figure class="wp-block-image size-large"><img loading="lazy" decoding="async" width="1024" height="799" src="https://www.gjh.de/frog/wp-content/uploads/neuer-LaVo-1024x799.jpg" alt="" class="wp-image-13144" srcset="https://www.gjh.de/frog/wp-content/uploads/neuer-LaVo-1024x799.jpg 1024w, https://www.gjh.de/frog/wp-content/uploads/neuer-LaVo-300x234.jpg 300w, https://www.gjh.de/frog/wp-content/uploads/neuer-LaVo-1536x1198.jpg 1536w, https://www.gjh.de/frog/wp-content/uploads/neuer-LaVo-2048x1598.jpg 2048w, https://www.gjh.de/frog/wp-content/uploads/neuer-LaVo-449x350.jpg 449w, https://www.gjh.de/frog/wp-content/uploads/neuer-LaVo-600x468.jpg 600w, https://www.gjh.de/frog/wp-content/uploads/neuer-LaVo-2000x1560.jpg 2000w" sizes="auto, (max-width: 1024px) 100vw, 1024px" /></figure>



<p><a href="https://www.gjh.de/frog/ueber-uns/der-landesvorstand/senem-bozdag/">Senem Bozdag</a> &#8211; Sprecherin</p>



<p><a href="https://www.gjh.de/frog/ueber-uns/der-landesvorstand/titus-dharmababu/">Titus Dharmababu</a> &#8211; Sprecher</p>



<p><a href="https://www.gjh.de/frog/ueber-uns/der-landesvorstand/sebastian-dambaur/">Sebastian Dambaur</a> &#8211; Politischer Geschäftsführer</p>



<p><a href="https://www.gjh.de/frog/ueber-uns/der-landesvorstand/jacqueline-schmiedeke-jackie/">Jacqueline Schmiedeke (Jackie)</a> &#8211; Schatzmeisterin</p>



<p><a href="https://www.gjh.de/frog/ueber-uns/der-landesvorstand/christina-baehr-chrissi/">Christina Bähr (Chrissi)</a> &#8211; FINTA*politische Sprecherin</p>



<p><a href="https://www.gjh.de/frog/hannah-ferber/">Hannah Ferber</a> &#8211; Vielfaltspolitische Sprecherin</p>



<p><a href="https://www.gjh.de/frog/nico-heidl/">Nico Heidl</a> &#8211; Beisitzer und Queerpolitischer Sprecher</p>



<p><a href="https://www.gjh.de/frog/theo-schmuck/">Theo Schmu</a><a href="https://www.gjh.de/frog/ueber-uns/der-landesvorstand/theo-schmuck/">ck</a> &#8211; Beisitzer</p>



<ul class="wp-block-list">
<li></li>
</ul>



<p></p>



<p>Der Landesvorstand trifft sich in der Regel Dienstagabends. Wenn ihr ein Anliegen habt und bei der Telefonkonferenz dabei sein wollt, dann schreibt eine Email an: <a href="mailto:mail@gjh.de">mail@gjh.de</a> </p>

<p>Der Landesvorstand wurde am 01. November 2025 von der Landesmitgliederversammlung in Kassel gewählt. Senem Bozdag &#8211; Sprecherin Titus Dharmababu &#8211; Sprecher Sebastian Dambaur &#8211; Politischer Geschäftsführer Jacqueline Schmiedeke (Jackie) &#8211; Schatzmeisterin Christina Bähr (Chrissi) &#8211; FINTA*politische Sprecherin Hannah Ferber &#8211; Vielfaltspolitische Sprecherin Nico Heidl &#8211; Beisitzer und Queerpolitischer Sprecher Theo Schmuck &#8211; Beisitzer Der Landesvorstand [&hellip;]</p>

<!-- This site is optimized with the Yoast SEO plugin v27.5 - https://yoast.com/product/yoast-seo-wordpress/ -->
<title>Landesvorstand - GRÜNE JUGEND Hessen</title>
<meta name="description" content="Der aktuelle Landesvorstand der GRÜNEN JUGEND Hessen. Dieser wird jedes Jahr auf der Landesmitgliederversammlung im Herbst gewählt." />
<meta name="robots" content="index, follow, max-snippet:-1, max-image-preview:large, max-video-preview:-1" />
<link rel="canonical" href="https://www.gjh.de/frog/ueber-uns/der-landesvorstand/" />
<meta property="og:locale" content="de_DE" />
<meta property="og:type" content="article" />
<meta property="og:title" content="Landesvorstand - GRÜNE JUGEND Hessen" />
<meta property="og:description" content="Der aktuelle Landesvorstand der GRÜNEN JUGEND Hessen. Dieser wird jedes Jahr auf der Landesmitgliederversammlung im Herbst gewählt." />
<meta property="og:url" content="https://www.gjh.de/frog/ueber-uns/der-landesvorstand/" />
<meta property="og:site_name" content="GRÜNE JUGEND Hessen" />
<meta property="article:modified_time" content="2026-04-09T10:45:50+00:00" />
<meta property="og:image" content="https://www.gjh.de/frog/wp-content/uploads/neuer-LaVo-scaled.jpg" />
	<meta property="og:image:width" content="2560" />
	<meta property="og:image:height" content="1997" />
	<meta property="og:image:type" content="image/jpeg" />
<meta name="twitter:card" content="summary_large_image" />
<meta name="twitter:label1" content="Geschätzte Lesezeit" />
	<meta name="twitter:data1" content="1 Minute" />
<script type="application/ld+json" class="yoast-schema-graph">{"@context":"https:\/\/schema.org","@graph":[{"@type":"WebPage","@id":"https:\/\/www.gjh.de\/frog\/ueber-uns\/der-landesvorstand\/","url":"https:\/\/www.gjh.de\/frog\/ueber-uns\/der-landesvorstand\/","name":"Landesvorstand - GRÜNE JUGEND Hessen","isPartOf":{"@id":"https:\/\/www.gjh.de\/frog\/#website"},"primaryImageOfPage":{"@id":"https:\/\/www.gjh.de\/frog\/ueber-uns\/der-landesvorstand\/#primaryimage"},"image":{"@id":"https:\/\/www.gjh.de\/frog\/ueber-uns\/der-landesvorstand\/#primaryimage"},"thumbnailUrl":"https:\/\/www.gjh.de\/frog\/wp-content\/uploads\/neuer-LaVo-1024x799.jpg","datePublished":"2010-04-24T22:09:15+00:00","dateModified":"2026-04-09T10:45:50+00:00","description":"Der aktuelle Landesvorstand der GRÜNEN JUGEND Hessen. Dieser wird jedes Jahr auf der Landesmitgliederversammlung im Herbst gewählt.","breadcrumb":{"@id":"https:\/\/www.gjh.de\/frog\/ueber-uns\/der-landesvorstand\/#breadcrumb"},"inLanguage":"de","potentialAction":[{"@type":"ReadAction","target":["https:\/\/www.gjh.de\/frog\/ueber-uns\/der-landesvorstand\/"]}]},{"@type":"ImageObject","inLanguage":"de","@id":"https:\/\/www.gjh.de\/frog\/ueber-uns\/der-landesvorstand\/#primaryimage","url":"https:\/\/www.gjh.de\/frog\/wp-content\/uploads\/neuer-LaVo-scaled.jpg","contentUrl":"https:\/\/www.gjh.de\/frog\/wp-content\/uploads\/neuer-LaVo-scaled.jpg","width":2560,"height":1997},{"@type":"BreadcrumbList","@id":"https:\/\/www.gjh.de\/frog\/ueber-uns\/der-landesvorstand\/#breadcrumb","itemListElement":[{"@type":"ListItem","position":1,"name":"Startseite","item":"https:\/\/www.gjh.de\/frog\/"},{"@type":"ListItem","position":2,"name":"Über uns","item":"https:\/\/www.gjh.de\/frog\/ueber-uns\/"},{"@type":"ListItem","position":3,"name":"Landesvorstand"}]},{"@type":"WebSite","@id":"https:\/\/www.gjh.de\/frog\/#website","url":"https:\/\/www.gjh.de\/frog\/","name":"GRÜNE JUGEND Hessen","description":"","potentialAction":[{"@type":"SearchAction","target":{"@type":"EntryPoint","urlTemplate":"https:\/\/www.gjh.de\/frog\/?s={search_term_string}"},"query-input":{"@type":"PropertyValueSpecification","valueRequired":true,"valueName":"search_term_string"}}],"inLanguage":"de"}]}</script>
<!-- / Yoast SEO plugin. -->

Landesvorstand - GRÜNE JUGEND Hessen

Der aktuelle Landesvorstand der GRÜNEN JUGEND Hessen. Dieser wird jedes Jahr auf der Landesmitgliederversammlung im Herbst gewählt.

GRÜNE JUGEND Hessen

Über uns
