{"id":3261,"date":"2014-11-24T12:30:48","date_gmt":"2014-11-24T11:30:48","guid":{"rendered":"https:\/\/www.gjh.de\/2014\/?page_id=3261"},"modified":"2023-01-30T11:00:07","modified_gmt":"2023-01-30T10:00:07","slug":"ueber-uns","status":"publish","type":"page","link":"https:\/\/www.gjh.de\/frog\/ueber-uns\/","title":{"rendered":"\u00dcber uns"},"content":{"rendered":"<h2 style=\"text-align: left;\"><strong>Wir sind die GR\u00dcNE JUGEND Hessen<\/strong><\/h2>\n<p style=\"text-align: center;\">Wir sind <strong>\u00f6kologisch<\/strong>, wir sind <strong>sozial<br \/>\n<\/strong>und wir sind <strong>queer und feministisch<\/strong>. Wir wollen Ideen entwickeln,<br \/>\nwie wir unser Zusammenleben besser gestalten k\u00f6nnen.<\/p>\n<p style=\"text-align: left;\">Wir, das sind lauter junge Menschen unter 30 Jahren. Sch\u00fcler*innen, Studierende, Auszubildende, Berufst\u00e4tige und solche, die noch nicht gefunden haben, was zu ihnen passt.<\/p>\n<p style=\"text-align: left;\">Die GR\u00dcNE JUGEND Hessen als Jugendorganisation der Partei B\u00dcNDNIS 90\/DIE GR\u00dcNEN ist eine politisch und finanziell <strong>unabh\u00e4ngige Kraft<\/strong>. Unsere Kernaufgabe ist es, gerade die hessische Politik zu kritisieren. Auch zu kritisieren, wie sich GR\u00dcNE positionieren, was in der Opposition und aktuell in der Landesregierung unserer Meinung nach nicht optimal l\u00e4uft. Wir wollen uns einbringen. Wir wollen laut sein, durch bunte Stra\u00dfenaktionen und inhaltlich anspruchsvolle Debatten auf uns aufmerksam machen. Wir wollen <strong>demonstrieren, verhandeln, diskutieren, anerkennen, kritisieren<\/strong> und unsere junge, GR\u00dcNE und innovative Sichtweise in das politische Leben einbringen. Wir wollen eine Stimme sein f\u00fcr alle jungen Menschen, die an einer gerechteren und umweltfreundlicheren Gesellschaft interessiert sind!<\/p>\n<p style=\"text-align: left;\">Da wir nicht als Partei agieren und damit nicht in der direkten politischen Verantwortung stehen \u2013 sei es als Regierung, sei es als Opposition \u2013, haben wir die M\u00f6glichkeit und die Pflicht, Ideen zu entwickeln, die im allt\u00e4glichen politischen Gesch\u00e4ft oft nicht artikuliert werden k\u00f6nnen. Das entbindet uns nicht von der Verantwortung, daraus tragf\u00e4hige Konzepte zu entwickeln. Daf\u00fcr werden wir in der \u00d6ffentlichkeit und nicht zuletzt auch bei B\u00dcNDNIS 90\/DIE GR\u00dcNEN gesch\u00e4tzt.<\/p>\n<p style=\"text-align: left;\">Was wir konkret machen?<br \/>\n<strong>Das, wozu wir Lust haben!<\/strong><\/p>\n<p style=\"text-align: left;\">Wir haben keine in Stein gemei\u00dfelte Agenda und keinerlei Verpflichtung uns mit einem Thema schwerpunktm\u00e4\u00dfig zu besch\u00e4ftigen. Bei uns stehen <strong>junge Themen<\/strong> im Vordergrund, also Themen, die unsere jungen Mitglieder interessieren. Das geht von Jugend- und Bildungspolitik, \u00fcber Netzpolitik, Umwelt- und Klimaschutz, Gleichberechtigung und Queerpolitik, Migration und Asyl, Drogen- und Sozialpolitik bis hin zu Wirtschafts-, Finanz- und Arbeitszeitpolitik. Wir machen das, <strong>wozu wir Lust haben<\/strong>. Und wir machen es <strong>so, wie wir es gut finden<\/strong>. Bei einem Thema ist eine inhaltlich gut ausgearbeitete Pressemitteilung sinnvoll, beim anderen eine laute und bunte Demonstration. Hier eine Diskussionsveranstaltung, dort eine bildstarke und provokante Aktion in sozialen Netzwerken.<\/p>\n<p style=\"text-align: left;\">Wenn du mehr \u00fcber uns erfahren m\u00f6chtest, kannst du uns jederzeit auf einer der vielen junggr\u00fcnen Veranstaltungen besuchen. Im <a href=\"https:\/\/www.gjh.de\/frog\/termine\/\">Kalender<\/a> findest du die bald anstehenden.<br \/>\nDer <a href=\"https:\/\/www.gjh.de\/frog\/verband\/der-landesvorstand\/\">Landesvorstand<\/a> steht dir f\u00fcr alle weiteren Fragen zur Verf\u00fcgung.<br \/>\nWenn wir dich \u00fcberzeugen konnten, kannst du <a href=\"https:\/\/www.gjh.de\/frog\/mitmachen\/mitglied-werden\/\">hier<\/a> Mitglied bei der GR\u00dcNEN JUGEND Hessen werden.<\/p>\n","protected":false},"excerpt":{"rendered":"<p>Wir sind die GR\u00dcNE JUGEND Hessen Wir sind \u00f6kologisch, wir sind sozial und wir sind queer und feministisch. Wir wollen Ideen entwickeln, wie wir unser Zusammenleben besser gestalten k\u00f6nnen. Wir, das sind lauter junge Menschen unter 30 Jahren. Sch\u00fcler*innen, Studierende, Auszubildende, Berufst\u00e4tige und solche, die noch nicht gefunden haben, was zu ihnen passt. Die GR\u00dcNE [&hellip;]<\/p>\n","protected":false},"author":1,"featured_media":0,"parent":0,"menu_order":0,"comment_status":"closed","ping_status":"closed","template":"","meta":{"footnotes":""},"class_list":["post-3261","page","type-page","status-publish","hentry"],"yoast_head":"<!-- This site is optimized with the Yoast SEO plugin v27.5 - https:\/\/yoast.com\/product\/yoast-seo-wordpress\/ -->\n<title>\u00dcber uns - GR\u00dcNE JUGEND Hessen<\/title>\n<meta name=\"robots\" content=\"index, follow, max-snippet:-1, max-image-preview:large, max-video-preview:-1\" \/>\n<link rel=\"canonical\" href=\"https:\/\/www.gjh.de\/frog\/ueber-uns\/\" \/>\n<meta property=\"og:locale\" content=\"de_DE\" \/>\n<meta property=\"og:type\" content=\"article\" \/>\n<meta property=\"og:title\" content=\"\u00dcber uns - GR\u00dcNE JUGEND Hessen\" \/>\n<meta property=\"og:description\" content=\"Wir sind die GR\u00dcNE JUGEND Hessen Wir sind \u00f6kologisch, wir sind sozial und wir sind queer und feministisch. Wir wollen Ideen entwickeln, wie wir unser Zusammenleben besser gestalten k\u00f6nnen. Wir, das sind lauter junge Menschen unter 30 Jahren. Sch\u00fcler*innen, Studierende, Auszubildende, Berufst\u00e4tige und solche, die noch nicht gefunden haben, was zu ihnen passt. Die GR\u00dcNE [&hellip;]\" \/>\n<meta property=\"og:url\" content=\"https:\/\/www.gjh.de\/frog\/ueber-uns\/\" \/>\n<meta property=\"og:site_name\" content=\"GR\u00dcNE JUGEND Hessen\" \/>\n<meta property=\"article:modified_time\" content=\"2023-01-30T10:00:07+00:00\" \/>\n<meta name=\"twitter:card\" content=\"summary_large_image\" \/>\n<meta name=\"twitter:label1\" content=\"Gesch\u00e4tzte Lesezeit\" \/>\n\t<meta name=\"twitter:data1\" content=\"2\u00a0Minuten\" \/>\n<script type=\"application\/ld+json\" class=\"yoast-schema-graph\">{\"@context\":\"https:\\\/\\\/schema.org\",\"@graph\":[{\"@type\":\"WebPage\",\"@id\":\"https:\\\/\\\/www.gjh.de\\\/frog\\\/ueber-uns\\\/\",\"url\":\"https:\\\/\\\/www.gjh.de\\\/frog\\\/ueber-uns\\\/\",\"name\":\"\u00dcber uns - GR\u00dcNE JUGEND Hessen\",\"isPartOf\":{\"@id\":\"https:\\\/\\\/www.gjh.de\\\/frog\\\/#website\"},\"datePublished\":\"2014-11-24T11:30:48+00:00\",\"dateModified\":\"2023-01-30T10:00:07+00:00\",\"breadcrumb\":{\"@id\":\"https:\\\/\\\/www.gjh.de\\\/frog\\\/ueber-uns\\\/#breadcrumb\"},\"inLanguage\":\"de\",\"potentialAction\":[{\"@type\":\"ReadAction\",\"target\":[\"https:\\\/\\\/www.gjh.de\\\/frog\\\/ueber-uns\\\/\"]}]},{\"@type\":\"BreadcrumbList\",\"@id\":\"https:\\\/\\\/www.gjh.de\\\/frog\\\/ueber-uns\\\/#breadcrumb\",\"itemListElement\":[{\"@type\":\"ListItem\",\"position\":1,\"name\":\"Startseite\",\"item\":\"https:\\\/\\\/www.gjh.de\\\/frog\\\/\"},{\"@type\":\"ListItem\",\"position\":2,\"name\":\"\u00dcber uns\"}]},{\"@type\":\"WebSite\",\"@id\":\"https:\\\/\\\/www.gjh.de\\\/frog\\\/#website\",\"url\":\"https:\\\/\\\/www.gjh.de\\\/frog\\\/\",\"name\":\"GR\u00dcNE JUGEND Hessen\",\"description\":\"\",\"potentialAction\":[{\"@type\":\"SearchAction\",\"target\":{\"@type\":\"EntryPoint\",\"urlTemplate\":\"https:\\\/\\\/www.gjh.de\\\/frog\\\/?s={search_term_string}\"},\"query-input\":{\"@type\":\"PropertyValueSpecification\",\"valueRequired\":true,\"valueName\":\"search_term_string\"}}],\"inLanguage\":\"de\"}]}<\/script>\n<!-- \/ Yoast SEO plugin. -->","yoast_head_json":{"title":"\u00dcber uns - GR\u00dcNE JUGEND Hessen","robots":{"index":"index","follow":"follow","max-snippet":"max-snippet:-1","max-image-preview":"max-image-preview:large","max-video-preview":"max-video-preview:-1"},"canonical":"https:\/\/www.gjh.de\/frog\/ueber-uns\/","og_locale":"de_DE","og_type":"article","og_title":"\u00dcber uns - GR\u00dcNE JUGEND Hessen","og_description":"Wir sind die GR\u00dcNE JUGEND Hessen Wir sind \u00f6kologisch, wir sind sozial und wir sind queer und feministisch. Wir wollen Ideen entwickeln, wie wir unser Zusammenleben besser gestalten k\u00f6nnen. Wir, das sind lauter junge Menschen unter 30 Jahren. Sch\u00fcler*innen, Studierende, Auszubildende, Berufst\u00e4tige und solche, die noch nicht gefunden haben, was zu ihnen passt. Die GR\u00dcNE [&hellip;]","og_url":"https:\/\/www.gjh.de\/frog\/ueber-uns\/","og_site_name":"GR\u00dcNE JUGEND Hessen","article_modified_time":"2023-01-30T10:00:07+00:00","twitter_card":"summary_large_image","twitter_misc":{"Gesch\u00e4tzte Lesezeit":"2\u00a0Minuten"},"schema":{"@context":"https:\/\/schema.org","@graph":[{"@type":"WebPage","@id":"https:\/\/www.gjh.de\/frog\/ueber-uns\/","url":"https:\/\/www.gjh.de\/frog\/ueber-uns\/","name":"\u00dcber uns - GR\u00dcNE JUGEND Hessen","isPartOf":{"@id":"https:\/\/www.gjh.de\/frog\/#website"},"datePublished":"2014-11-24T11:30:48+00:00","dateModified":"2023-01-30T10:00:07+00:00","breadcrumb":{"@id":"https:\/\/www.gjh.de\/frog\/ueber-uns\/#breadcrumb"},"inLanguage":"de","potentialAction":[{"@type":"ReadAction","target":["https:\/\/www.gjh.de\/frog\/ueber-uns\/"]}]},{"@type":"BreadcrumbList","@id":"https:\/\/www.gjh.de\/frog\/ueber-uns\/#breadcrumb","itemListElement":[{"@type":"ListItem","position":1,"name":"Startseite","item":"https:\/\/www.gjh.de\/frog\/"},{"@type":"ListItem","position":2,"name":"\u00dcber uns"}]},{"@type":"WebSite","@id":"https:\/\/www.gjh.de\/frog\/#website","url":"https:\/\/www.gjh.de\/frog\/","name":"GR\u00dcNE JUGEND Hessen","description":"","potentialAction":[{"@type":"SearchAction","target":{"@type":"EntryPoint","urlTemplate":"https:\/\/www.gjh.de\/frog\/?s={search_term_string}"},"query-input":{"@type":"PropertyValueSpecification","valueRequired":true,"valueName":"search_term_string"}}],"inLanguage":"de"}]}},"_links":{"self":[{"href":"https:\/\/www.gjh.de\/frog\/wp-json\/wp\/v2\/pages\/3261","targetHints":{"allow":["GET"]}}],"collection":[{"href":"https:\/\/www.gjh.de\/frog\/wp-json\/wp\/v2\/pages"}],"about":[{"href":"https:\/\/www.gjh.de\/frog\/wp-json\/wp\/v2\/types\/page"}],"author":[{"embeddable":true,"href":"https:\/\/www.gjh.de\/frog\/wp-json\/wp\/v2\/users\/1"}],"replies":[{"embeddable":true,"href":"https:\/\/www.gjh.de\/frog\/wp-json\/wp\/v2\/comments?post=3261"}],"version-history":[{"count":11,"href":"https:\/\/www.gjh.de\/frog\/wp-json\/wp\/v2\/pages\/3261\/revisions"}],"predecessor-version":[{"id":11155,"href":"https:\/\/www.gjh.de\/frog\/wp-json\/wp\/v2\/pages\/3261\/revisions\/11155"}],"wp:attachment":[{"href":"https:\/\/www.gjh.de\/frog\/wp-json\/wp\/v2\/media?parent=3261"}],"curies":[{"name":"wp","href":"https:\/\/api.w.org\/{rel}","templated":true}]}}

Über uns

<h2 style="text-align: left;"><strong>Wir sind die GRÜNE JUGEND Hessen</strong></h2>
<p style="text-align: center;">Wir sind <strong>ökologisch</strong>, wir sind <strong>sozial<br />
</strong>und wir sind <strong>queer und feministisch</strong>. Wir wollen Ideen entwickeln,<br />
wie wir unser Zusammenleben besser gestalten können.</p>
<p style="text-align: left;">Wir, das sind lauter junge Menschen unter 30 Jahren. Schüler*innen, Studierende, Auszubildende, Berufstätige und solche, die noch nicht gefunden haben, was zu ihnen passt.</p>
<p style="text-align: left;">Die GRÜNE JUGEND Hessen als Jugendorganisation der Partei BÜNDNIS 90/DIE GRÜNEN ist eine politisch und finanziell <strong>unabhängige Kraft</strong>. Unsere Kernaufgabe ist es, gerade die hessische Politik zu kritisieren. Auch zu kritisieren, wie sich GRÜNE positionieren, was in der Opposition und aktuell in der Landesregierung unserer Meinung nach nicht optimal läuft. Wir wollen uns einbringen. Wir wollen laut sein, durch bunte Straßenaktionen und inhaltlich anspruchsvolle Debatten auf uns aufmerksam machen. Wir wollen <strong>demonstrieren, verhandeln, diskutieren, anerkennen, kritisieren</strong> und unsere junge, GRÜNE und innovative Sichtweise in das politische Leben einbringen. Wir wollen eine Stimme sein für alle jungen Menschen, die an einer gerechteren und umweltfreundlicheren Gesellschaft interessiert sind!</p>
<p style="text-align: left;">Da wir nicht als Partei agieren und damit nicht in der direkten politischen Verantwortung stehen – sei es als Regierung, sei es als Opposition –, haben wir die Möglichkeit und die Pflicht, Ideen zu entwickeln, die im alltäglichen politischen Geschäft oft nicht artikuliert werden können. Das entbindet uns nicht von der Verantwortung, daraus tragfähige Konzepte zu entwickeln. Dafür werden wir in der Öffentlichkeit und nicht zuletzt auch bei BÜNDNIS 90/DIE GRÜNEN geschätzt.</p>
<p style="text-align: left;">Was wir konkret machen?<br />
<strong>Das, wozu wir Lust haben!</strong></p>
<p style="text-align: left;">Wir haben keine in Stein gemeißelte Agenda und keinerlei Verpflichtung uns mit einem Thema schwerpunktmäßig zu beschäftigen. Bei uns stehen <strong>junge Themen</strong> im Vordergrund, also Themen, die unsere jungen Mitglieder interessieren. Das geht von Jugend- und Bildungspolitik, über Netzpolitik, Umwelt- und Klimaschutz, Gleichberechtigung und Queerpolitik, Migration und Asyl, Drogen- und Sozialpolitik bis hin zu Wirtschafts-, Finanz- und Arbeitszeitpolitik. Wir machen das, <strong>wozu wir Lust haben</strong>. Und wir machen es <strong>so, wie wir es gut finden</strong>. Bei einem Thema ist eine inhaltlich gut ausgearbeitete Pressemitteilung sinnvoll, beim anderen eine laute und bunte Demonstration. Hier eine Diskussionsveranstaltung, dort eine bildstarke und provokante Aktion in sozialen Netzwerken.</p>
<p style="text-align: left;">Wenn du mehr über uns erfahren möchtest, kannst du uns jederzeit auf einer der vielen junggrünen Veranstaltungen besuchen. Im <a href="https://www.gjh.de/frog/termine/">Kalender</a> findest du die bald anstehenden.<br />
Der <a href="https://www.gjh.de/frog/verband/der-landesvorstand/">Landesvorstand</a> steht dir für alle weiteren Fragen zur Verfügung.<br />
Wenn wir dich überzeugen konnten, kannst du <a href="https://www.gjh.de/frog/mitmachen/mitglied-werden/">hier</a> Mitglied bei der GRÜNEN JUGEND Hessen werden.</p>

<p>Wir sind die GRÜNE JUGEND Hessen Wir sind ökologisch, wir sind sozial und wir sind queer und feministisch. Wir wollen Ideen entwickeln, wie wir unser Zusammenleben besser gestalten können. Wir, das sind lauter junge Menschen unter 30 Jahren. Schüler*innen, Studierende, Auszubildende, Berufstätige und solche, die noch nicht gefunden haben, was zu ihnen passt. Die GRÜNE [&hellip;]</p>

<!-- This site is optimized with the Yoast SEO plugin v27.5 - https://yoast.com/product/yoast-seo-wordpress/ -->
<title>Über uns - GRÜNE JUGEND Hessen</title>
<meta name="robots" content="index, follow, max-snippet:-1, max-image-preview:large, max-video-preview:-1" />
<link rel="canonical" href="https://www.gjh.de/frog/ueber-uns/" />
<meta property="og:locale" content="de_DE" />
<meta property="og:type" content="article" />
<meta property="og:title" content="Über uns - GRÜNE JUGEND Hessen" />
<meta property="og:description" content="Wir sind die GRÜNE JUGEND Hessen Wir sind ökologisch, wir sind sozial und wir sind queer und feministisch. Wir wollen Ideen entwickeln, wie wir unser Zusammenleben besser gestalten können. Wir, das sind lauter junge Menschen unter 30 Jahren. Schüler*innen, Studierende, Auszubildende, Berufstätige und solche, die noch nicht gefunden haben, was zu ihnen passt. Die GRÜNE [&hellip;]" />
<meta property="og:url" content="https://www.gjh.de/frog/ueber-uns/" />
<meta property="og:site_name" content="GRÜNE JUGEND Hessen" />
<meta property="article:modified_time" content="2023-01-30T10:00:07+00:00" />
<meta name="twitter:card" content="summary_large_image" />
<meta name="twitter:label1" content="Geschätzte Lesezeit" />
	<meta name="twitter:data1" content="2 Minuten" />
<script type="application/ld+json" class="yoast-schema-graph">{"@context":"https:\/\/schema.org","@graph":[{"@type":"WebPage","@id":"https:\/\/www.gjh.de\/frog\/ueber-uns\/","url":"https:\/\/www.gjh.de\/frog\/ueber-uns\/","name":"Über uns - GRÜNE JUGEND Hessen","isPartOf":{"@id":"https:\/\/www.gjh.de\/frog\/#website"},"datePublished":"2014-11-24T11:30:48+00:00","dateModified":"2023-01-30T10:00:07+00:00","breadcrumb":{"@id":"https:\/\/www.gjh.de\/frog\/ueber-uns\/#breadcrumb"},"inLanguage":"de","potentialAction":[{"@type":"ReadAction","target":["https:\/\/www.gjh.de\/frog\/ueber-uns\/"]}]},{"@type":"BreadcrumbList","@id":"https:\/\/www.gjh.de\/frog\/ueber-uns\/#breadcrumb","itemListElement":[{"@type":"ListItem","position":1,"name":"Startseite","item":"https:\/\/www.gjh.de\/frog\/"},{"@type":"ListItem","position":2,"name":"Über uns"}]},{"@type":"WebSite","@id":"https:\/\/www.gjh.de\/frog\/#website","url":"https:\/\/www.gjh.de\/frog\/","name":"GRÜNE JUGEND Hessen","description":"","potentialAction":[{"@type":"SearchAction","target":{"@type":"EntryPoint","urlTemplate":"https:\/\/www.gjh.de\/frog\/?s={search_term_string}"},"query-input":{"@type":"PropertyValueSpecification","valueRequired":true,"valueName":"search_term_string"}}],"inLanguage":"de"}]}</script>
<!-- / Yoast SEO plugin. -->

Über uns - GRÜNE JUGEND Hessen

Wir sind die GRÜNE JUGEND Hessen Wir sind ökologisch, wir sind sozial und wir sind queer und feministisch. Wir wollen Ideen entwickeln, wie wir unser Zusammenleben besser gestalten können. Wir, das sind lauter junge Menschen unter 30 Jahren. Schüler*innen, Studierende, Auszubildende, Berufstätige und solche, die noch nicht gefunden haben, was zu ihnen passt. Die GRÜNE [&hellip;]

GRÜNE JUGEND Hessen
